Last updated on 2025-10-31 02:50:29 CET.
| Flavor | Version | Tinstall | Tcheck | Ttotal | Status | Flags | 
|---|---|---|---|---|---|---|
| r-devel-linux-x86_64-debian-clang | 0.1-1 | 3.90 | 33.20 | 37.10 | NOTE | |
| r-devel-linux-x86_64-debian-gcc | 0.1-1 | 2.90 | 24.67 | 27.57 | NOTE | |
| r-devel-linux-x86_64-fedora-clang | 0.1-1 | 31.00 | 30.98 | 61.98 | OK | |
| r-devel-linux-x86_64-fedora-gcc | 0.1-1 | 10.00 | 60.92 | 70.92 | OK | |
| r-devel-windows-x86_64 | 0.1-1 | 6.00 | 48.00 | 54.00 | OK | |
| r-patched-linux-x86_64 | 0.1-1 | 5.50 | 30.65 | 36.15 | OK | |
| r-release-linux-x86_64 | 0.1-1 | 4.17 | 30.74 | 34.91 | OK | |
| r-release-macos-arm64 | 0.1-1 | 2.00 | 31.00 | 33.00 | OK | |
| r-release-macos-x86_64 | 0.1-1 | 5.00 | 47.00 | 52.00 | OK | |
| r-release-windows-x86_64 | 0.1-1 | 7.00 | 50.00 | 57.00 | OK | |
| r-oldrel-macos-arm64 | 0.1-1 | 2.00 | 23.00 | 25.00 | OK | |
| r-oldrel-macos-x86_64 | 0.1-1 | 3.00 | 36.00 | 39.00 | OK | |
| r-oldrel-windows-x86_64 | 0.1-1 | 8.00 | 59.00 | 67.00 | OK | 
Version: 0.1-1
Check: CRAN incoming feasibility
Result: NOTE
  Maintainer: ‘Odile Sauzet <odile.sauzet@uni-bielefeld.de>’
  
  No Authors@R field in DESCRIPTION.
  Please add one, modifying
    Authors@R: person(given = "Odile",
                      family = "Sauzet",
                      role = c("aut", "cre"),
                      email = "odile.sauzet@uni-bielefeld.de")
  as necessary.
  
  The Description field contains
    <arXiv:1809.03279> for more information.
  Please refer to arXiv e-prints via their arXiv DOI <doi:10.48550/arXiv.YYMM.NNNNN>.
Flavors: r-devel-linux-x86_64-debian-clang, r-devel-linux-x86_64-debian-gcc