Last updated on 2025-10-31 02:50:29 CET.
| Flavor | Version | Tinstall | Tcheck | Ttotal | Status | Flags | 
|---|---|---|---|---|---|---|
| r-devel-linux-x86_64-debian-clang | 1.5.1 | 1.66 | 19.60 | 21.26 | NOTE | |
| r-devel-linux-x86_64-debian-gcc | 1.5.1 | 1.50 | 15.76 | 17.26 | NOTE | |
| r-devel-linux-x86_64-fedora-clang | 1.5.1 | 31.23 | OK | |||
| r-devel-linux-x86_64-fedora-gcc | 1.5.1 | 29.69 | OK | |||
| r-devel-windows-x86_64 | 1.5.1 | 3.00 | 34.00 | 37.00 | OK | |
| r-patched-linux-x86_64 | 1.5.1 | 1.73 | 18.34 | 20.07 | OK | |
| r-release-linux-x86_64 | 1.5.1 | 1.87 | 18.51 | 20.38 | OK | |
| r-release-macos-arm64 | 1.5.1 | 1.00 | 14.00 | 15.00 | OK | |
| r-release-macos-x86_64 | 1.5.1 | 2.00 | 20.00 | 22.00 | OK | |
| r-release-windows-x86_64 | 1.5.1 | 4.00 | 38.00 | 42.00 | OK | |
| r-oldrel-macos-arm64 | 1.5.1 | 1.00 | 18.00 | 19.00 | OK | |
| r-oldrel-macos-x86_64 | 1.5.1 | 1.00 | 19.00 | 20.00 | OK | |
| r-oldrel-windows-x86_64 | 1.5.1 | 3.00 | 36.00 | 39.00 | OK | 
Version: 1.5.1
Check: CRAN incoming feasibility
Result: NOTE
  Maintainer: ‘Zhiqiu Hu <zhiqiu.hu@gmail.com>’
  
  No Authors@R field in DESCRIPTION.
  Please add one, modifying
    Authors@R: c(person(given = "Zhiqiu",
                        family = "Hu",
                        role = c("aut", "cre"),
                        email = "zhiqiu.hu@gmail.com"),
                 person(given = "Rong-cai",
                        family = "Yang",
                        role = "aut"))
  as necessary.
Flavors: r-devel-linux-x86_64-debian-clang, r-devel-linux-x86_64-debian-gcc