Last updated on 2025-10-31 02:50:29 CET.
| Flavor | Version | Tinstall | Tcheck | Ttotal | Status | Flags | 
|---|---|---|---|---|---|---|
| r-devel-linux-x86_64-debian-clang | 0.5.1 | 18.91 | 136.51 | 155.42 | NOTE | |
| r-devel-linux-x86_64-debian-gcc | 0.5.1 | 11.09 | 92.94 | 104.03 | NOTE | |
| r-devel-linux-x86_64-fedora-clang | 0.5.1 | 43.00 | 193.72 | 236.72 | OK | |
| r-devel-linux-x86_64-fedora-gcc | 0.5.1 | 38.00 | 204.69 | 242.69 | OK | |
| r-devel-windows-x86_64 | 0.5.1 | 20.00 | 127.00 | 147.00 | OK | |
| r-patched-linux-x86_64 | 0.5.1 | 20.21 | 126.72 | 146.93 | OK | |
| r-release-linux-x86_64 | 0.5.1 | 18.41 | 127.78 | 146.19 | OK | |
| r-release-macos-arm64 | 0.5.1 | 9.00 | 58.00 | 67.00 | OK | |
| r-release-macos-x86_64 | 0.5.1 | 16.00 | 112.00 | 128.00 | OK | |
| r-release-windows-x86_64 | 0.5.1 | 22.00 | 129.00 | 151.00 | OK | |
| r-oldrel-macos-arm64 | 0.5.1 | 9.00 | 64.00 | 73.00 | OK | |
| r-oldrel-macos-x86_64 | 0.5.1 | 13.00 | 83.00 | 96.00 | OK | |
| r-oldrel-windows-x86_64 | 0.5.1 | 28.00 | 166.00 | 194.00 | OK | 
Version: 0.5.1
Check: CRAN incoming feasibility
Result: NOTE
  Maintainer: ‘Olisaeloka Nsonwu <olisa.nsonwu@gmail.com>’
  
  No Authors@R field in DESCRIPTION.
  Please add one, modifying
    Authors@R: person(given = "Olisaeloka",
                      family = "Nsonwu",
                      role = c("aut", "cre"),
                      email = "olisa.nsonwu@gmail.com")
  as necessary.
Flavors: r-devel-linux-x86_64-debian-clang, r-devel-linux-x86_64-debian-gcc