Last updated on 2025-10-31 02:50:29 CET.
| Flavor | Version | Tinstall | Tcheck | Ttotal | Status | Flags | 
|---|---|---|---|---|---|---|
| r-devel-linux-x86_64-debian-clang | 0.4 | 1.55 | 24.31 | 25.86 | NOTE | |
| r-devel-linux-x86_64-debian-gcc | 0.4 | 1.56 | 19.49 | 21.05 | NOTE | |
| r-devel-linux-x86_64-fedora-clang | 0.4 | 37.31 | NOTE | |||
| r-devel-linux-x86_64-fedora-gcc | 0.4 | 34.96 | NOTE | |||
| r-devel-windows-x86_64 | 0.4 | 4.00 | 52.00 | 56.00 | NOTE | |
| r-patched-linux-x86_64 | 0.4 | 1.99 | 23.07 | 25.06 | NOTE | |
| r-release-linux-x86_64 | 0.4 | 1.73 | 22.72 | 24.45 | NOTE | |
| r-release-macos-arm64 | 0.4 | 2.00 | 17.00 | 19.00 | NOTE | |
| r-release-macos-x86_64 | 0.4 | 3.00 | 30.00 | 33.00 | NOTE | |
| r-release-windows-x86_64 | 0.4 | 4.00 | 58.00 | 62.00 | NOTE | |
| r-oldrel-macos-arm64 | 0.4 | 1.00 | 17.00 | 18.00 | NOTE | |
| r-oldrel-macos-x86_64 | 0.4 | 2.00 | 23.00 | 25.00 | NOTE | |
| r-oldrel-windows-x86_64 | 0.4 | 5.00 | 52.00 | 57.00 | NOTE | 
Version: 0.4
Check: Rd files
Result: NOTE
  checkRd: (-1) beetle.Rd:13: Lost braces; missing escapes or markup?
      13 |     \item{\code{x}}{dose (log base 10 CS2mgl^{-1})}
         |                                              ^
Flavors: r-devel-linux-x86_64-debian-clang, r-devel-linux-x86_64-debian-gcc, r-devel-linux-x86_64-fedora-clang, r-devel-linux-x86_64-fedora-gcc, r-devel-windows-x86_64, r-patched-linux-x86_64, r-release-linux-x86_64, r-release-macos-arm64, r-release-macos-x86_64, r-release-windows-x86_64, r-oldrel-macos-arm64, r-oldrel-macos-x86_64, r-oldrel-windows-x86_64