Last updated on 2025-10-31 02:50:29 CET.
| Flavor | Version | Tinstall | Tcheck | Ttotal | Status | Flags | 
|---|---|---|---|---|---|---|
| r-devel-linux-x86_64-debian-clang | 0.4.0 | 4.38 | 62.61 | 66.99 | NOTE | |
| r-devel-linux-x86_64-debian-gcc | 0.4.0 | 3.06 | 41.07 | 44.13 | NOTE | |
| r-devel-linux-x86_64-fedora-clang | 0.4.0 | 12.00 | 87.77 | 99.77 | OK | |
| r-devel-linux-x86_64-fedora-gcc | 0.4.0 | 11.00 | 79.12 | 90.12 | OK | |
| r-devel-windows-x86_64 | 0.4.0 | 8.00 | 71.00 | 79.00 | OK | |
| r-patched-linux-x86_64 | 0.4.0 | 4.74 | 53.12 | 57.86 | OK | |
| r-release-linux-x86_64 | 0.4.0 | 4.06 | 57.42 | 61.48 | OK | |
| r-release-macos-arm64 | 0.4.0 | 5.00 | 41.00 | 46.00 | OK | |
| r-release-macos-x86_64 | 0.4.0 | 6.00 | 50.00 | 56.00 | OK | |
| r-release-windows-x86_64 | 0.4.0 | 9.00 | 76.00 | 85.00 | OK | |
| r-oldrel-macos-arm64 | 0.4.0 | 3.00 | 24.00 | 27.00 | NOTE | |
| r-oldrel-macos-x86_64 | 0.4.0 | 6.00 | 42.00 | 48.00 | NOTE | |
| r-oldrel-windows-x86_64 | 0.4.0 | 7.00 | 88.00 | 95.00 | NOTE | 
Version: 0.4.0
Check: CRAN incoming feasibility
Result: NOTE
  Maintainer: ‘Andreas Rappold <arappold@gmx.at>’
  
  Found the following (possibly) invalid file URIs:
    URI: ./misc/workflow.dot.pdf
      From: README.md
    URI: ./misc/nint.dot.pdf
      From: README.md
Flavors: r-devel-linux-x86_64-debian-clang, r-devel-linux-x86_64-debian-gcc
Version: 0.4.0
Check: LazyData
Result: NOTE
    'LazyData' is specified without a 'data' directory
Flavors: r-oldrel-macos-arm64, r-oldrel-macos-x86_64, r-oldrel-windows-x86_64