Last updated on 2025-10-31 02:50:29 CET.
| Flavor | Version | Tinstall | Tcheck | Ttotal | Status | Flags | 
|---|---|---|---|---|---|---|
| r-devel-linux-x86_64-debian-clang | 0.3.0 | 2.79 | 27.82 | 30.61 | NOTE | |
| r-devel-linux-x86_64-debian-gcc | 0.3.0 | 2.15 | 22.71 | 24.86 | NOTE | |
| r-devel-linux-x86_64-fedora-clang | 0.3.0 | 47.14 | NOTE | |||
| r-devel-linux-x86_64-fedora-gcc | 0.3.0 | 58.79 | NOTE | |||
| r-devel-windows-x86_64 | 0.3.0 | 5.00 | 47.00 | 52.00 | OK | |
| r-patched-linux-x86_64 | 0.3.0 | 2.80 | 26.14 | 28.94 | OK | |
| r-release-linux-x86_64 | 0.3.0 | 2.97 | 26.16 | 29.13 | OK | |
| r-release-macos-arm64 | 0.3.0 | 2.00 | 32.00 | 34.00 | OK | |
| r-release-macos-x86_64 | 0.3.0 | 2.00 | 41.00 | 43.00 | OK | |
| r-release-windows-x86_64 | 0.3.0 | 6.00 | 47.00 | 53.00 | OK | |
| r-oldrel-macos-arm64 | 0.3.0 | 2.00 | 23.00 | 25.00 | OK | |
| r-oldrel-macos-x86_64 | 0.3.0 | 2.00 | 34.00 | 36.00 | OK | |
| r-oldrel-windows-x86_64 | 0.3.0 | 7.00 | 56.00 | 63.00 | OK | 
Version: 0.3.0
Check: CRAN incoming feasibility
Result: NOTE
  Maintainer: ‘T. Schmelter <thomas.schmelter@bayer.com>’
  
  No Authors@R field in DESCRIPTION.
  Please add one, modifying
    Authors@R: c(person(given = "F.",
                        family = "Mendolia",
                        role = "aut"),
                 person(given = "K.",
                        family = "Walkamp",
                        role = "aut"),
                 person(given = "K.",
                        family = "Roth",
                        role = "aut"),
                 person(given = "T.",
                        family = "Schmelter",
                        role = c("aut", "cre"),
                        email = "thomas.schmelter@bayer.com"),
                 person(given = "C.",
                        family = "Neumann",
                        role = "aut"),
                 person(given = "Z.",
                        family = "Gao",
                        role = "aut"),
                 person(given = "A.",
                        family = "Kaiser",
                        role = "aut"),
                 person(given = "S.",
                        family = "Jeske",
                        role = "aut"),
                 person(given = "H.",
                        family = "Kulmann",
                        role = "aut"))
  as necessary.
Flavors: r-devel-linux-x86_64-debian-clang, r-devel-linux-x86_64-debian-gcc
Version: 0.3.0
Check: dependencies in R code
Result: NOTE
  Namespaces in Imports field not imported from:
    ‘DT’ ‘DoseFinding’ ‘Rsolnp’ ‘ggplot2’ ‘kableExtra’ ‘knitr’
    ‘latticeExtra’ ‘purrr’ ‘readxl’ ‘shinyBS’ ‘shinyWidgets’ ‘shinyjs’
    ‘stringr’ ‘utils’
    All declared Imports should be used.
Flavors: r-devel-linux-x86_64-fedora-clang, r-devel-linux-x86_64-fedora-gcc