Last updated on 2025-10-31 02:50:29 CET.
| Flavor | Version | Tinstall | Tcheck | Ttotal | Status | Flags | 
|---|---|---|---|---|---|---|
| r-devel-linux-x86_64-debian-clang | 0.4.1 | 12.30 | 181.90 | 194.20 | OK | |
| r-devel-linux-x86_64-debian-gcc | 0.4.1 | 8.82 | 133.15 | 141.97 | OK | |
| r-devel-linux-x86_64-fedora-clang | 0.4.1 | 72.00 | 250.83 | 322.83 | OK | |
| r-devel-linux-x86_64-fedora-gcc | 0.4.1 | 82.00 | 254.43 | 336.43 | OK | |
| r-devel-windows-x86_64 | 0.4.1 | 16.00 | 157.00 | 173.00 | OK | |
| r-patched-linux-x86_64 | 0.4.1 | 0.32 | 1.92 | 2.24 | ERROR | |
| r-release-linux-x86_64 | 0.4.1 | 12.12 | 156.45 | 168.57 | OK | |
| r-release-macos-arm64 | 0.4.1 | 5.00 | ERROR | |||
| r-release-macos-x86_64 | 0.4.1 | 7.00 | ERROR | |||
| r-release-windows-x86_64 | 0.4.1 | 15.00 | 156.00 | 171.00 | OK | |
| r-oldrel-macos-arm64 | 0.4.1 | 10.00 | ERROR | |||
| r-oldrel-macos-x86_64 | 0.4.1 | 12.00 | ERROR | |||
| r-oldrel-windows-x86_64 | 0.4.1 | 20.00 | 211.00 | 231.00 | NOTE | 
Version: 0.4.1
Check: package dependencies
Result: ERROR
  Packages required but not available:
    'GenomeInfoDb', 'GenomicFeatures',
    'TxDb.Hsapiens.UCSC.hg19.knownGene',
    'TxDb.Hsapiens.UCSC.hg38.knownGene'
  
  See section ‘The DESCRIPTION file’ in the ‘Writing R Extensions’
  manual.
Flavor: r-patched-linux-x86_64
Version: 0.4.1
Check: package dependencies
Result: ERROR
  Packages required but not available:
    'TxDb.Hsapiens.UCSC.hg19.knownGene',
    'TxDb.Hsapiens.UCSC.hg38.knownGene', 'org.Hs.eg.db'
  
  See section ‘The DESCRIPTION file’ in the ‘Writing R Extensions’
  manual.
Flavor: r-release-macos-arm64
Version: 0.4.1
Check: package dependencies
Result: ERROR
  Packages required but not available:
    'TxDb.Hsapiens.UCSC.hg19.knownGene',
    'TxDb.Hsapiens.UCSC.hg38.knownGene'
  
  See section ‘The DESCRIPTION file’ in the ‘Writing R Extensions’
  manual.
Flavors: r-release-macos-x86_64, r-oldrel-macos-arm64, r-oldrel-macos-x86_64
Version: 0.4.1
Check: installed package size
Result: NOTE
    installed size is  5.3Mb
    sub-directories of 1Mb or more:
      data      1.6Mb
      extdata   3.2Mb
Flavor: r-oldrel-windows-x86_64