Last updated on 2025-10-31 02:50:30 CET.
| Flavor | Version | Tinstall | Tcheck | Ttotal | Status | Flags | 
|---|---|---|---|---|---|---|
| r-devel-linux-x86_64-debian-clang | 0.1.1 | 1.81 | 34.26 | 36.07 | NOTE | |
| r-devel-linux-x86_64-debian-gcc | 0.1.1 | 1.40 | 25.70 | 27.10 | NOTE | |
| r-devel-linux-x86_64-fedora-clang | 0.1.1 | 51.14 | OK | |||
| r-devel-linux-x86_64-fedora-gcc | 0.1.1 | 48.37 | OK | |||
| r-devel-windows-x86_64 | 0.1.1 | 2.00 | 48.00 | 50.00 | OK | |
| r-patched-linux-x86_64 | 0.1.1 | 1.84 | 30.29 | 32.13 | OK | |
| r-release-linux-x86_64 | 0.1.1 | 1.68 | 30.28 | 31.96 | OK | |
| r-release-macos-arm64 | 0.1.1 | 1.00 | 22.00 | 23.00 | OK | |
| r-release-macos-x86_64 | 0.1.1 | 2.00 | 29.00 | 31.00 | OK | |
| r-release-windows-x86_64 | 0.1.1 | 3.00 | 58.00 | 61.00 | OK | |
| r-oldrel-macos-arm64 | 0.1.1 | 1.00 | 17.00 | 18.00 | NOTE | |
| r-oldrel-macos-x86_64 | 0.1.1 | 2.00 | 25.00 | 27.00 | NOTE | |
| r-oldrel-windows-x86_64 | 0.1.1 | 3.00 | 57.00 | 60.00 | NOTE | 
Version: 0.1.1
Check: CRAN incoming feasibility
Result: NOTE
  Maintainer: ‘Thomas Mailund <mailund@birc.au.dk>’
  
  Package CITATION file contains call(s) to old-style personList() or
  as.personList().  Please use c() on person objects instead.
  Package CITATION file contains call(s) to old-style citEntry().  Please
  use bibentry() instead.
Flavors: r-devel-linux-x86_64-debian-clang, r-devel-linux-x86_64-debian-gcc
Version: 0.1.1
Check: LazyData
Result: NOTE
    'LazyData' is specified without a 'data' directory
Flavors: r-oldrel-macos-arm64, r-oldrel-macos-x86_64, r-oldrel-windows-x86_64