Last updated on 2025-10-31 02:50:30 CET.
| Flavor | Version | Tinstall | Tcheck | Ttotal | Status | Flags | 
|---|---|---|---|---|---|---|
| r-devel-linux-x86_64-debian-clang | 1.0.0 | 4.34 | 81.57 | 85.91 | NOTE | |
| r-devel-linux-x86_64-debian-gcc | 1.0.0 | 3.12 | 59.12 | 62.24 | NOTE | |
| r-devel-linux-x86_64-fedora-clang | 1.0.0 | 123.16 | OK | |||
| r-devel-linux-x86_64-fedora-gcc | 1.0.0 | 132.22 | OK | |||
| r-devel-windows-x86_64 | 1.0.0 | 6.00 | 136.00 | 142.00 | OK | |
| r-patched-linux-x86_64 | 1.0.0 | 4.92 | 75.73 | 80.65 | OK | |
| r-release-linux-x86_64 | 1.0.0 | 3.04 | 75.75 | 78.79 | OK | |
| r-release-macos-arm64 | 1.0.0 | 2.00 | 68.00 | 70.00 | OK | |
| r-release-macos-x86_64 | 1.0.0 | 7.00 | 130.00 | 137.00 | OK | |
| r-release-windows-x86_64 | 1.0.0 | 6.00 | 137.00 | 143.00 | OK | |
| r-oldrel-macos-arm64 | 1.0.0 | 2.00 | 49.00 | 51.00 | NOTE | |
| r-oldrel-macos-x86_64 | 1.0.0 | 3.00 | 71.00 | 74.00 | NOTE | |
| r-oldrel-windows-x86_64 | 1.0.0 | 8.00 | 145.00 | 153.00 | NOTE | 
Version: 1.0.0
Check: CRAN incoming feasibility
Result: NOTE
  Maintainer: ‘David Harvey <harvey@depauw.edu>’
  
  No Authors@R field in DESCRIPTION.
  Please add one, modifying
    Authors@R: person(given = "David",
                      family = "Harvey",
                      role = c("aut", "cre"),
                      email = "harvey@depauw.edu")
  as necessary.
Flavors: r-devel-linux-x86_64-debian-clang, r-devel-linux-x86_64-debian-gcc
Version: 1.0.0
Check: LazyData
Result: NOTE
    'LazyData' is specified without a 'data' directory
Flavors: r-oldrel-macos-arm64, r-oldrel-macos-x86_64, r-oldrel-windows-x86_64