Last updated on 2025-10-31 02:50:30 CET.
| Flavor | Version | Tinstall | Tcheck | Ttotal | Status | Flags | 
|---|---|---|---|---|---|---|
| r-devel-linux-x86_64-debian-clang | 4.0 | 8.11 | 53.59 | 61.70 | NOTE | |
| r-devel-linux-x86_64-debian-gcc | 4.0 | 6.24 | 35.30 | 41.54 | NOTE | |
| r-devel-linux-x86_64-fedora-clang | 4.0 | 17.00 | 78.00 | 95.00 | OK | |
| r-devel-linux-x86_64-fedora-gcc | 4.0 | 17.00 | 72.18 | 89.18 | OK | |
| r-devel-windows-x86_64 | 4.0 | 9.00 | 62.00 | 71.00 | OK | |
| r-patched-linux-x86_64 | 4.0 | 8.90 | 51.97 | 60.87 | OK | |
| r-release-linux-x86_64 | 4.0 | 7.73 | 51.89 | 59.62 | OK | |
| r-release-macos-arm64 | 4.0 | 5.00 | 27.00 | 32.00 | OK | |
| r-release-macos-x86_64 | 4.0 | 8.00 | 44.00 | 52.00 | OK | |
| r-release-windows-x86_64 | 4.0 | 9.00 | 63.00 | 72.00 | OK | |
| r-oldrel-macos-arm64 | 4.0 | 4.00 | 23.00 | 27.00 | OK | |
| r-oldrel-macos-x86_64 | 4.0 | 5.00 | 35.00 | 40.00 | OK | |
| r-oldrel-windows-x86_64 | 4.0 | 12.00 | 77.00 | 89.00 | OK | 
Version: 4.0
Check: CRAN incoming feasibility
Result: NOTE
  Maintainer: ‘Emmanuel Arnhold <emmanuelarnhold@yahoo.com.br>’
  
  No Authors@R field in DESCRIPTION.
  Please add one, modifying
    Authors@R: person(given = "Emmanuel",
                      family = "Arnhold",
                      role = c("aut", "cre"),
                      email = "emmanuelarnhold@yahoo.com.br")
  as necessary.
  
  Package CITATION file contains call(s) to old-style personList() or
  as.personList().  Please use c() on person objects instead.
  Package CITATION file contains call(s) to old-style citEntry().  Please
  use bibentry() instead.
Flavors: r-devel-linux-x86_64-debian-clang, r-devel-linux-x86_64-debian-gcc