Last updated on 2025-10-31 02:50:30 CET.
| Flavor | Version | Tinstall | Tcheck | Ttotal | Status | Flags | 
|---|---|---|---|---|---|---|
| r-devel-linux-x86_64-debian-clang | 0.96 | 19.90 | 214.79 | 234.69 | NOTE | |
| r-devel-linux-x86_64-debian-gcc | 0.96 | 13.36 | 141.75 | 155.11 | NOTE | |
| r-devel-linux-x86_64-fedora-clang | 0.96 | 40.00 | 318.87 | 358.87 | NOTE | |
| r-devel-linux-x86_64-fedora-gcc | 0.96 | 37.00 | 337.94 | 374.94 | NOTE | |
| r-devel-windows-x86_64 | 0.96 | 28.00 | 237.00 | 265.00 | NOTE | |
| r-patched-linux-x86_64 | 0.96 | 19.50 | 210.32 | 229.82 | NOTE | |
| r-release-linux-x86_64 | 0.96 | 19.89 | 204.38 | 224.27 | NOTE | |
| r-release-macos-arm64 | 0.96 | 10.00 | 120.00 | 130.00 | NOTE | |
| r-release-macos-x86_64 | 0.96 | 11.00 | 213.00 | 224.00 | NOTE | |
| r-release-windows-x86_64 | 0.96 | 30.00 | 244.00 | 274.00 | NOTE | |
| r-oldrel-macos-arm64 | 0.96 | 10.00 | 98.00 | 108.00 | NOTE | |
| r-oldrel-macos-x86_64 | 0.96 | 11.00 | 171.00 | 182.00 | NOTE | |
| r-oldrel-windows-x86_64 | 0.96 | 31.00 | 325.00 | 356.00 | NOTE | 
Version: 0.96
Check: Rd files
Result: NOTE
  checkRd: (-1) runSim.Rd:111: Lost braces
     111 | \ifelse{html}{\out{<i>r</i><sub>1</sub> = 1}}{{\eqn{r_1 = 1}}{r_1 = 1}} while the individual with the lowest phenotypic value
         |                                                              ^
  checkRd: (-1) runSim.Rd:112: Lost braces
     112 | is given the rank \ifelse{html}{\out{<i>r<sub>n</sub></i> = <i>n</i>}}{{\eqn{r_n = n}}{r_n = n}}), the probability of an individual
         |                                                                                       ^
  checkRd: (-1) runSim.Rd:120-122: Lost braces
     120 | }{
         |  ^
Flavors: r-devel-linux-x86_64-debian-clang, r-devel-linux-x86_64-debian-gcc, r-devel-linux-x86_64-fedora-clang, r-devel-linux-x86_64-fedora-gcc, r-devel-windows-x86_64, r-patched-linux-x86_64, r-release-linux-x86_64, r-release-macos-arm64, r-release-macos-x86_64, r-release-windows-x86_64, r-oldrel-macos-arm64, r-oldrel-macos-x86_64, r-oldrel-windows-x86_64