Last updated on 2025-10-30 02:49:01 CET.
| Flavor | Version | Tinstall | Tcheck | Ttotal | Status | Flags | 
|---|---|---|---|---|---|---|
| r-devel-linux-x86_64-debian-clang | 1.2 | 6.92 | 80.75 | 87.67 | OK | |
| r-devel-linux-x86_64-debian-gcc | 1.2 | 5.01 | 55.66 | 60.67 | OK | |
| r-devel-linux-x86_64-fedora-clang | 1.2 | 14.00 | 118.08 | 132.08 | NOTE | |
| r-devel-linux-x86_64-fedora-gcc | 1.2 | 19.00 | 109.52 | 128.52 | NOTE | |
| r-devel-windows-x86_64 | 1.2 | 9.00 | 101.00 | 110.00 | OK | |
| r-patched-linux-x86_64 | 1.2 | 6.11 | 75.28 | 81.39 | OK | |
| r-release-linux-x86_64 | 1.2 | 5.75 | 75.49 | 81.24 | OK | |
| r-release-macos-arm64 | 1.2 | 4.00 | 39.00 | 43.00 | OK | |
| r-release-macos-x86_64 | 1.2 | 7.00 | 65.00 | 72.00 | OK | |
| r-release-windows-x86_64 | 1.2 | 10.00 | 103.00 | 113.00 | OK | |
| r-oldrel-macos-arm64 | 1.2 | 4.00 | 42.00 | 46.00 | OK | |
| r-oldrel-macos-x86_64 | 1.2 | 7.00 | 72.00 | 79.00 | OK | |
| r-oldrel-windows-x86_64 | 1.2 | 12.00 | 132.00 | 144.00 | OK | 
Version: 1.2
Check: dependencies in R code
Result: NOTE
  Namespace in Imports field not imported from: ‘testthat’
    All declared Imports should be used.
Flavors: r-devel-linux-x86_64-fedora-clang, r-devel-linux-x86_64-fedora-gcc