Last updated on 2025-10-30 02:49:01 CET.
| Flavor | Version | Tinstall | Tcheck | Ttotal | Status | Flags | 
|---|---|---|---|---|---|---|
| r-devel-linux-x86_64-debian-clang | 1.0 | 3.04 | 19.58 | 22.62 | NOTE | |
| r-devel-linux-x86_64-debian-gcc | 1.0 | 2.31 | 16.90 | 19.21 | NOTE | |
| r-devel-linux-x86_64-fedora-clang | 1.0 | 33.15 | OK | |||
| r-devel-linux-x86_64-fedora-gcc | 1.0 | 31.80 | OK | |||
| r-devel-windows-x86_64 | 1.0 | 6.00 | 40.00 | 46.00 | OK | |
| r-patched-linux-x86_64 | 1.0 | 2.47 | 19.48 | 21.95 | OK | |
| r-release-linux-x86_64 | 1.0 | 2.61 | 19.64 | 22.25 | OK | |
| r-release-macos-arm64 | 1.0 | 3.00 | 16.00 | 19.00 | OK | |
| r-release-macos-x86_64 | 1.0 | 5.00 | 24.00 | 29.00 | OK | |
| r-release-windows-x86_64 | 1.0 | 7.00 | 42.00 | 49.00 | OK | |
| r-oldrel-macos-arm64 | 1.0 | 3.00 | 14.00 | 17.00 | OK | |
| r-oldrel-macos-x86_64 | 1.0 | 4.00 | 24.00 | 28.00 | OK | |
| r-oldrel-windows-x86_64 | 1.0 | 7.00 | 45.00 | 52.00 | OK | 
Version: 1.0
Check: CRAN incoming feasibility
Result: NOTE
  Maintainer: ‘Jun Li <jli49@kent.edu>’
  
  No Authors@R field in DESCRIPTION.
  Please add one, modifying
    Authors@R: c(person(given = "Jun",
                        family = "Li",
                        role = c("aut", "cre"),
                        email = "jli49@kent.edu"),
                 person(given = c("Song", "Xi"),
                        family = "Chen",
                        role = "aut"),
                 person(given = "Lingjun",
                        family = "Li",
                        role = "ctb"),
                 person(given = "Clay",
                        family = "James",
                        role = "ctb"))
  as necessary.
  
  The Description field contains
    (2012) <arXiv:1206.0917>.
  Please refer to arXiv e-prints via their arXiv DOI <doi:10.48550/arXiv.YYMM.NNNNN>.
Flavors: r-devel-linux-x86_64-debian-clang, r-devel-linux-x86_64-debian-gcc