Last updated on 2025-10-31 02:50:30 CET.
| Flavor | Version | Tinstall | Tcheck | Ttotal | Status | Flags | 
|---|---|---|---|---|---|---|
| r-devel-linux-x86_64-debian-clang | 0.1 | 1.50 | 19.37 | 20.87 | NOTE | |
| r-devel-linux-x86_64-debian-gcc | 0.1 | 1.22 | 16.24 | 17.46 | NOTE | |
| r-devel-linux-x86_64-fedora-clang | 0.1 | 30.37 | OK | |||
| r-devel-linux-x86_64-fedora-gcc | 0.1 | 28.86 | OK | |||
| r-devel-windows-x86_64 | 0.1 | 3.00 | 38.00 | 41.00 | OK | |
| r-patched-linux-x86_64 | 0.1 | 1.39 | 18.31 | 19.70 | OK | |
| r-release-linux-x86_64 | 0.1 | 1.45 | 18.79 | 20.24 | OK | |
| r-release-macos-arm64 | 0.1 | 1.00 | 14.00 | 15.00 | OK | |
| r-release-macos-x86_64 | 0.1 | 2.00 | 21.00 | 23.00 | OK | |
| r-release-windows-x86_64 | 0.1 | 4.00 | 38.00 | 42.00 | OK | |
| r-oldrel-macos-arm64 | 0.1 | 1.00 | 16.00 | 17.00 | NOTE | |
| r-oldrel-macos-x86_64 | 0.1 | 1.00 | 18.00 | 19.00 | NOTE | |
| r-oldrel-windows-x86_64 | 0.1 | 4.00 | 43.00 | 47.00 | NOTE | 
Version: 0.1
Check: CRAN incoming feasibility
Result: NOTE
  Maintainer: ‘Matthew Stephens <mstephens@uchicago.edu>’
  
  No Authors@R field in DESCRIPTION.
  Please add one, modifying
    Authors@R: person(given = "Matthew",
                      family = "Stephens",
                      role = c("aut", "cre"),
                      email = "mstephens@uchicago.edu")
  as necessary.
Flavors: r-devel-linux-x86_64-debian-clang, r-devel-linux-x86_64-debian-gcc
Version: 0.1
Check: LazyData
Result: NOTE
    'LazyData' is specified without a 'data' directory
Flavors: r-oldrel-macos-arm64, r-oldrel-macos-x86_64, r-oldrel-windows-x86_64