Last updated on 2025-11-02 03:51:37 CET.
| Flavor | Version | Tinstall | Tcheck | Ttotal | Status | Flags |
|---|---|---|---|---|---|---|
| r-devel-linux-x86_64-debian-clang | 1.6 | 19.88 | 27.50 | 47.38 | NOTE | |
| r-devel-linux-x86_64-debian-gcc | 1.6 | 14.49 | 22.23 | 36.72 | NOTE | |
| r-devel-linux-x86_64-fedora-clang | 1.6 | 52.00 | 36.28 | 88.28 | OK | |
| r-devel-linux-x86_64-fedora-gcc | 1.6 | 38.00 | 42.07 | 80.07 | OK | |
| r-devel-windows-x86_64 | 1.6 | 25.00 | 61.00 | 86.00 | OK | |
| r-patched-linux-x86_64 | 1.6 | 21.20 | 26.04 | 47.24 | OK | |
| r-release-linux-x86_64 | 1.6 | 19.93 | 26.25 | 46.18 | OK | |
| r-release-macos-arm64 | 1.6 | 9.00 | 19.00 | 28.00 | OK | |
| r-release-macos-x86_64 | 1.6 | 9.00 | 33.00 | 42.00 | OK | |
| r-release-windows-x86_64 | 1.6 | 25.00 | 60.00 | 85.00 | OK | |
| r-oldrel-macos-arm64 | 1.6 | 11.00 | 17.00 | 28.00 | OK | |
| r-oldrel-macos-x86_64 | 1.6 | 9.00 | 27.00 | 36.00 | OK | |
| r-oldrel-windows-x86_64 | 1.6 | 26.00 | 73.00 | 99.00 | OK |
Version: 1.6
Check: CRAN incoming feasibility
Result: NOTE
Maintainer: ‘Ben Powell <ben.powell@york.ac.uk>’
No Authors@R field in DESCRIPTION.
Please add one, modifying
Authors@R: person(given = "Ben",
family = "Powell",
role = c("aut", "cre"),
email = "ben.powell@york.ac.uk")
as necessary.
Flavors: r-devel-linux-x86_64-debian-clang, r-devel-linux-x86_64-debian-gcc