Last updated on 2025-10-31 02:50:31 CET.
| Flavor | Version | Tinstall | Tcheck | Ttotal | Status | Flags | 
|---|---|---|---|---|---|---|
| r-devel-linux-x86_64-debian-clang | 3042.78 | 4.72 | 42.86 | 47.58 | NOTE | |
| r-devel-linux-x86_64-debian-gcc | 3042.78 | 3.68 | 31.50 | 35.18 | NOTE | |
| r-devel-linux-x86_64-fedora-clang | 3042.78 | 72.67 | OK | |||
| r-devel-linux-x86_64-fedora-gcc | 3042.78 | 68.47 | OK | |||
| r-devel-windows-x86_64 | 3042.78 | 5.00 | 53.00 | 58.00 | OK | |
| r-patched-linux-x86_64 | 3042.78 | 4.32 | 41.07 | 45.39 | OK | |
| r-release-linux-x86_64 | 3042.78 | 4.17 | 40.67 | 44.84 | OK | |
| r-release-macos-arm64 | 3042.78 | 2.00 | 23.00 | 25.00 | OK | |
| r-release-macos-x86_64 | 3042.78 | 4.00 | 47.00 | 51.00 | OK | |
| r-release-windows-x86_64 | 3042.78 | 5.00 | 55.00 | 60.00 | OK | |
| r-oldrel-macos-arm64 | 3042.78 | 2.00 | 22.00 | 24.00 | NOTE | |
| r-oldrel-macos-x86_64 | 3042.78 | 4.00 | 37.00 | 41.00 | NOTE | |
| r-oldrel-windows-x86_64 | 3042.78 | 8.00 | 62.00 | 70.00 | NOTE | 
Version: 3042.78
Check: CRAN incoming feasibility
Result: NOTE
  Maintainer: ‘Tobias Setz <tobias.setz@live.com>’
  
  No Authors@R field in DESCRIPTION.
  Please add one, modifying
    Authors@R: c(person(given = "Diethelm",
                        family = "Wuertz",
                        role = "aut"),
                 person(given = "Tobias",
                        family = "Setz",
                        role = "cre",
                        email = "tobias.setz@live.com"))
  as necessary.
Flavors: r-devel-linux-x86_64-debian-clang, r-devel-linux-x86_64-debian-gcc
Version: 3042.78
Check: LazyData
Result: NOTE
    'LazyData' is specified without a 'data' directory
Flavors: r-oldrel-macos-arm64, r-oldrel-macos-x86_64, r-oldrel-windows-x86_64