Last updated on 2025-10-31 02:50:31 CET.
| Flavor | Version | Tinstall | Tcheck | Ttotal | Status | Flags | 
|---|---|---|---|---|---|---|
| r-devel-linux-x86_64-debian-clang | 3042.79 | 5.16 | 47.66 | 52.82 | NOTE | |
| r-devel-linux-x86_64-debian-gcc | 3042.79 | 3.62 | 35.94 | 39.56 | NOTE | |
| r-devel-linux-x86_64-fedora-clang | 3042.79 | 11.00 | 71.15 | 82.15 | OK | |
| r-devel-linux-x86_64-fedora-gcc | 3042.79 | 11.00 | 65.75 | 76.75 | OK | |
| r-devel-windows-x86_64 | 3042.79 | 6.00 | 59.00 | 65.00 | OK | |
| r-patched-linux-x86_64 | 3042.79 | 5.31 | 45.38 | 50.69 | OK | |
| r-release-linux-x86_64 | 3042.79 | 3.92 | 45.38 | 49.30 | OK | |
| r-release-macos-arm64 | 3042.79 | 3.00 | 24.00 | 27.00 | OK | |
| r-release-macos-x86_64 | 3042.79 | 4.00 | 39.00 | 43.00 | OK | |
| r-release-windows-x86_64 | 3042.79 | 6.00 | 60.00 | 66.00 | OK | |
| r-oldrel-macos-arm64 | 3042.79 | 2.00 | 24.00 | 26.00 | NOTE | |
| r-oldrel-macos-x86_64 | 3042.79 | 3.00 | 33.00 | 36.00 | NOTE | |
| r-oldrel-windows-x86_64 | 3042.79 | 9.00 | 70.00 | 79.00 | NOTE | 
Version: 3042.79
Check: CRAN incoming feasibility
Result: NOTE
  Maintainer: ‘Tobias Setz <tobias.setz@live.com>’
  
  No Authors@R field in DESCRIPTION.
  Please add one, modifying
    Authors@R: c(person(given = "Diethelm",
                        family = "Wuertz",
                        role = "aut"),
                 person(given = "Tobias",
                        family = "Setz",
                        role = "cre",
                        email = "tobias.setz@live.com"),
                 person(given = "Yohan",
                        family = "Chalabi",
                        role = "ctb"))
  as necessary.
Flavors: r-devel-linux-x86_64-debian-clang, r-devel-linux-x86_64-debian-gcc
Version: 3042.79
Check: LazyData
Result: NOTE
    'LazyData' is specified without a 'data' directory
Flavors: r-oldrel-macos-arm64, r-oldrel-macos-x86_64, r-oldrel-windows-x86_64