Last updated on 2025-10-31 02:50:31 CET.
| Flavor | Version | Tinstall | Tcheck | Ttotal | Status | Flags | 
|---|---|---|---|---|---|---|
| r-devel-linux-x86_64-debian-clang | 2.1 | 2.80 | 35.95 | 38.75 | NOTE | |
| r-devel-linux-x86_64-debian-gcc | 2.1 | 2.34 | 26.69 | 29.03 | NOTE | |
| r-devel-linux-x86_64-fedora-clang | 2.1 | 56.27 | OK | |||
| r-devel-linux-x86_64-fedora-gcc | 2.1 | 54.47 | OK | |||
| r-devel-windows-x86_64 | 2.1 | 4.00 | 58.00 | 62.00 | OK | |
| r-patched-linux-x86_64 | 2.1 | 3.45 | 33.75 | 37.20 | OK | |
| r-release-linux-x86_64 | 2.1 | 3.14 | 34.20 | 37.34 | OK | |
| r-release-macos-arm64 | 2.1 | 2.00 | 24.00 | 26.00 | OK | |
| r-release-macos-x86_64 | 2.1 | 3.00 | 43.00 | 46.00 | OK | |
| r-release-windows-x86_64 | 2.1 | 4.00 | 60.00 | 64.00 | OK | |
| r-oldrel-macos-arm64 | 2.1 | 2.00 | 21.00 | 23.00 | OK | |
| r-oldrel-macos-x86_64 | 2.1 | 2.00 | 33.00 | 35.00 | OK | |
| r-oldrel-windows-x86_64 | 2.1 | 6.00 | 69.00 | 75.00 | OK | 
Version: 2.1
Check: CRAN incoming feasibility
Result: NOTE
  Maintainer: ‘Steven T. Garren <garrenst@jmu.edu>’
  
  No Authors@R field in DESCRIPTION.
  Please add one, modifying
    Authors@R: person(given = c("Steven", "T."),
                      family = "Garren",
                      role = c("aut", "cre"),
                      email = "garrenst@jmu.edu")
  as necessary.
Flavors: r-devel-linux-x86_64-debian-clang, r-devel-linux-x86_64-debian-gcc