Last updated on 2025-10-31 02:50:31 CET.
| Flavor | Version | Tinstall | Tcheck | Ttotal | Status | Flags | 
|---|---|---|---|---|---|---|
| r-devel-linux-x86_64-debian-clang | 2.1.0 | 73.02 | 32.91 | 105.93 | OK | |
| r-devel-linux-x86_64-debian-gcc | 2.1.0 | 48.93 | 27.17 | 76.10 | OK | |
| r-devel-linux-x86_64-fedora-clang | 2.1.0 | 160.00 | 48.43 | 208.43 | OK | |
| r-devel-linux-x86_64-fedora-gcc | 2.1.0 | 138.00 | 61.79 | 199.79 | OK | |
| r-devel-windows-x86_64 | 2.1.0 | 79.00 | 75.00 | 154.00 | OK | |
| r-patched-linux-x86_64 | 2.1.0 | 74.31 | 31.46 | 105.77 | OK | |
| r-release-linux-x86_64 | 2.1.0 | 74.01 | 31.65 | 105.66 | OK | |
| r-release-macos-arm64 | 2.1.0 | 26.00 | 24.00 | 50.00 | OK | |
| r-release-macos-x86_64 | 2.1.0 | 26.00 | 51.00 | 77.00 | OK | |
| r-release-windows-x86_64 | 2.1.0 | 83.00 | 76.00 | 159.00 | OK | |
| r-oldrel-macos-arm64 | 2.1.0 | 30.00 | 24.00 | 54.00 | NOTE | |
| r-oldrel-macos-x86_64 | 2.1.0 | 28.00 | 52.00 | 80.00 | NOTE | |
| r-oldrel-windows-x86_64 | 2.1.0 | 83.00 | 96.00 | 179.00 | OK | 
Version: 2.1.0
Check: installed package size
Result: NOTE
    installed size is  7.6Mb
    sub-directories of 1Mb or more:
      doc    1.8Mb
      libs   5.7Mb
Flavors: r-oldrel-macos-arm64, r-oldrel-macos-x86_64