Last updated on 2025-10-31 02:50:31 CET.
| Flavor | Version | Tinstall | Tcheck | Ttotal | Status | Flags | 
|---|---|---|---|---|---|---|
| r-devel-linux-x86_64-debian-clang | 1.1-6 | 2.77 | 34.24 | 37.01 | NOTE | |
| r-devel-linux-x86_64-debian-gcc | 1.1-6 | 2.48 | 25.07 | 27.55 | NOTE | |
| r-devel-linux-x86_64-fedora-clang | 1.1-6 | 51.26 | NOTE | |||
| r-devel-linux-x86_64-fedora-gcc | 1.1-6 | 53.16 | NOTE | |||
| r-devel-windows-x86_64 | 1.1-6 | 7.00 | 57.00 | 64.00 | NOTE | |
| r-patched-linux-x86_64 | 1.1-6 | 2.93 | 31.58 | 34.51 | NOTE | |
| r-release-linux-x86_64 | 1.1-6 | 2.82 | 31.11 | 33.93 | NOTE | |
| r-release-macos-arm64 | 1.1-6 | 3.00 | 24.00 | 27.00 | NOTE | |
| r-release-macos-x86_64 | 1.1-6 | 6.00 | 34.00 | 40.00 | NOTE | |
| r-release-windows-x86_64 | 1.1-6 | 6.00 | 64.00 | 70.00 | NOTE | |
| r-oldrel-macos-arm64 | 1.1-6 | 3.00 | 23.00 | 26.00 | OK | |
| r-oldrel-macos-x86_64 | 1.1-6 | 14.00 | 41.00 | 55.00 | OK | |
| r-oldrel-windows-x86_64 | 1.1-6 | 8.00 | 54.00 | 62.00 | OK | 
Version: 1.1-6
Check: DESCRIPTION meta-information
Result: NOTE
  Maintainer field differs from that derived from Authors@R
    Maintainer: ‘Simon Urbanek <simon.urbanek@r-project.org>’
    Authors@R:  ‘Simon Urbanek <Simon.Urbanek@r-project.org>’
Flavors: r-devel-linux-x86_64-debian-clang, r-devel-linux-x86_64-debian-gcc
Version: 1.1-6
Check: compiled code
Result: NOTE
  File ‘fastmatch/libs/fastmatch.so’:
    Found non-API calls to R: ‘DATAPTR’, ‘EXTPTR_PTR’, ‘NAMED’, ‘OBJECT’,
      ‘SETLENGTH’, ‘SET_NAMED’, ‘STRING_PTR’, ‘VECTOR_PTR’
  
  Compiled code should not call non-API entry points in R.
  
  See ‘Writing portable packages’ in the ‘Writing R Extensions’ manual,
  and section ‘Moving into C API compliance’ for issues with the use of
  non-API entry points.
Flavors: r-devel-linux-x86_64-debian-clang, r-devel-linux-x86_64-debian-gcc, r-devel-linux-x86_64-fedora-clang, r-devel-linux-x86_64-fedora-gcc, r-patched-linux-x86_64, r-release-linux-x86_64, r-release-macos-arm64, r-release-macos-x86_64
Version: 1.1-6
Check: compiled code
Result: NOTE
  File 'fastmatch/libs/x64/fastmatch.dll':
    Found non-API calls to R: 'DATAPTR', 'EXTPTR_PTR', 'NAMED', 'OBJECT',
      'SETLENGTH', 'SET_NAMED', 'STRING_PTR', 'VECTOR_PTR'
  
  Compiled code should not call non-API entry points in R.
  
  See 'Writing portable packages' in the 'Writing R Extensions' manual,
  and section 'Moving into C API compliance' for issues with the use of
  non-API entry points.
Flavors: r-devel-windows-x86_64, r-release-windows-x86_64