Last updated on 2025-10-30 02:49:01 CET.
| Flavor | Version | Tinstall | Tcheck | Ttotal | Status | Flags | 
|---|---|---|---|---|---|---|
| r-devel-linux-x86_64-debian-clang | 0.1.2 | 17.53 | 145.02 | 162.55 | NOTE | |
| r-devel-linux-x86_64-debian-gcc | 0.1.2 | 13.20 | 98.58 | 111.78 | NOTE | |
| r-devel-linux-x86_64-fedora-clang | 0.1.2 | 48.00 | 210.02 | 258.02 | OK | |
| r-devel-linux-x86_64-fedora-gcc | 0.1.2 | 41.00 | 240.24 | 281.24 | OK | |
| r-devel-windows-x86_64 | 0.1.2 | 19.00 | 151.00 | 170.00 | OK | |
| r-patched-linux-x86_64 | 0.1.2 | 18.64 | 138.44 | 157.08 | OK | |
| r-release-linux-x86_64 | 0.1.2 | 17.71 | 136.88 | 154.59 | OK | |
| r-release-macos-arm64 | 0.1.2 | 7.00 | 73.00 | 80.00 | OK | |
| r-release-macos-x86_64 | 0.1.2 | 14.00 | 151.00 | 165.00 | OK | |
| r-release-windows-x86_64 | 0.1.2 | 18.00 | 155.00 | 173.00 | OK | |
| r-oldrel-macos-arm64 | 0.1.2 | 7.00 | 68.00 | 75.00 | OK | |
| r-oldrel-macos-x86_64 | 0.1.2 | 20.00 | 158.00 | 178.00 | OK | |
| r-oldrel-windows-x86_64 | 0.1.2 | 26.00 | 192.00 | 218.00 | OK | 
Version: 0.1.2
Check: CRAN incoming feasibility
Result: NOTE
  Maintainer: ‘Lukasz Smaga <ls@amu.edu.pl>’
  
  No Authors@R field in DESCRIPTION.
  Please add one, modifying
    Authors@R: c(person(given = "Tomasz",
                        family = "Gorecki",
                        role = "aut"),
                 person(given = "Lukasz",
                        family = "Smaga",
                        role = c("aut", "cre"),
                        email = "ls@amu.edu.pl"))
  as necessary.
Flavors: r-devel-linux-x86_64-debian-clang, r-devel-linux-x86_64-debian-gcc