Last updated on 2025-10-31 02:50:31 CET.
| Flavor | Version | Tinstall | Tcheck | Ttotal | Status | Flags | 
|---|---|---|---|---|---|---|
| r-devel-linux-x86_64-debian-clang | 6.3.0 | 30.00 | 211.34 | 241.34 | OK | |
| r-devel-linux-x86_64-debian-gcc | 6.3.0 | 16.95 | 144.28 | 161.23 | OK | |
| r-devel-linux-x86_64-fedora-clang | 6.3.0 | 58.00 | 333.20 | 391.20 | OK | |
| r-devel-linux-x86_64-fedora-gcc | 6.3.0 | 59.00 | 322.05 | 381.05 | OK | |
| r-devel-windows-x86_64 | 6.3.0 | 31.00 | 235.00 | 266.00 | OK | |
| r-patched-linux-x86_64 | 6.3.0 | 32.52 | 207.66 | 240.18 | OK | |
| r-release-linux-x86_64 | 6.3.0 | 26.06 | 204.44 | 230.50 | OK | |
| r-release-macos-arm64 | 6.3.0 | 13.00 | 96.00 | 109.00 | OK | |
| r-release-macos-x86_64 | 6.3.0 | 26.00 | 119.00 | 145.00 | NOTE | |
| r-release-windows-x86_64 | 6.3.0 | 35.00 | 242.00 | 277.00 | OK | |
| r-oldrel-macos-arm64 | 6.3.0 | 11.00 | 94.00 | 105.00 | OK | |
| r-oldrel-macos-x86_64 | 6.3.0 | 23.00 | 188.00 | 211.00 | OK | |
| r-oldrel-windows-x86_64 | 6.3.0 | 45.00 | 303.00 | 348.00 | OK | 
Version: 6.3.0
Check: foreign function calls
Result: NOTE
  Fatal error: cannot create 'R_TempDir'
  See chapter ‘System and foreign language interfaces’ in the ‘Writing R
  Extensions’ manual.
Flavor: r-release-macos-x86_64