Last updated on 2025-10-31 02:50:31 CET.
| Flavor | Version | Tinstall | Tcheck | Ttotal | Status | Flags | 
|---|---|---|---|---|---|---|
| r-devel-linux-x86_64-debian-clang | 1.0.0 | 2.31 | 35.63 | 37.94 | NOTE | |
| r-devel-linux-x86_64-debian-gcc | 1.0.0 | 1.89 | 25.89 | 27.78 | NOTE | |
| r-devel-linux-x86_64-fedora-clang | 1.0.0 | 56.87 | OK | |||
| r-devel-linux-x86_64-fedora-gcc | 1.0.0 | 54.66 | OK | |||
| r-devel-windows-x86_64 | 1.0.0 | 4.00 | 58.00 | 62.00 | OK | |
| r-patched-linux-x86_64 | 1.0.0 | 2.64 | 35.14 | 37.78 | OK | |
| r-release-linux-x86_64 | 1.0.0 | 2.18 | 33.84 | 36.02 | OK | |
| r-release-macos-arm64 | 1.0.0 | 1.00 | 20.00 | 21.00 | OK | |
| r-release-macos-x86_64 | 1.0.0 | 2.00 | 46.00 | 48.00 | OK | |
| r-release-windows-x86_64 | 1.0.0 | 5.00 | 60.00 | 65.00 | OK | |
| r-oldrel-macos-arm64 | 1.0.0 | 1.00 | 20.00 | 21.00 | OK | |
| r-oldrel-macos-x86_64 | 1.0.0 | 2.00 | 40.00 | 42.00 | OK | |
| r-oldrel-windows-x86_64 | 1.0.0 | 5.00 | 69.00 | 74.00 | OK | 
Version: 1.0.0
Check: CRAN incoming feasibility
Result: NOTE
  Maintainer: ‘Guillermo Mestre Marcos <guillermo.mestre@comillas.edu>’
  
  Package CITATION file contains call(s) to old-style personList() or
  as.personList().  Please use c() on person objects instead.
  Package CITATION file contains call(s) to old-style citEntry().  Please
  use bibentry() instead.
  
  Found the following URLs which should use \doi (with the DOI name only):
    File ‘FTS_identification.Rd’:
      https://doi.org/10.1016/j.csda.2020.107108
      https://doi.org/10.1016/j.ijepes.2020.106083
      https://doi.org/10.1016/j.jmva.2017.08.004
    File ‘fit_ARHp_FPCA.Rd’:
      https://doi.org/10.1080/01621459.2014.909317
    File ‘obtain_FACF.Rd’:
      https://doi.org/10.1016/j.csda.2020.107108
      https://doi.org/10.1016/j.ijepes.2020.106083
      https://doi.org/10.1016/j.jmva.2017.08.004
    File ‘obtain_FPACF.Rd’:
      https://doi.org/10.1016/j.csda.2020.107108
Flavors: r-devel-linux-x86_64-debian-clang, r-devel-linux-x86_64-debian-gcc