Last updated on 2025-10-31 02:50:31 CET.
| Flavor | Version | Tinstall | Tcheck | Ttotal | Status | Flags | 
|---|---|---|---|---|---|---|
| r-devel-linux-x86_64-debian-clang | 0.1-8 | 34.04 | 86.79 | 120.83 | NOTE | |
| r-devel-linux-x86_64-debian-gcc | 0.1-8 | 22.75 | 62.65 | 85.40 | NOTE | |
| r-devel-linux-x86_64-fedora-clang | 0.1-8 | 171.00 | 62.63 | 233.63 | OK | |
| r-devel-linux-x86_64-fedora-gcc | 0.1-8 | 60.00 | 131.57 | 191.57 | OK | |
| r-devel-windows-x86_64 | 0.1-8 | 44.00 | 105.00 | 149.00 | OK | |
| r-patched-linux-x86_64 | 0.1-8 | 35.40 | 83.57 | 118.97 | OK | |
| r-release-linux-x86_64 | 0.1-8 | 35.29 | 83.67 | 118.96 | OK | |
| r-release-macos-arm64 | 0.1-8 | 17.00 | 42.00 | 59.00 | OK | |
| r-release-macos-x86_64 | 0.1-8 | 21.00 | 77.00 | 98.00 | OK | |
| r-release-windows-x86_64 | 0.1-8 | 45.00 | 108.00 | 153.00 | OK | |
| r-oldrel-macos-arm64 | 0.1-8 | 16.00 | 37.00 | 53.00 | OK | |
| r-oldrel-macos-x86_64 | 0.1-8 | 18.00 | 58.00 | 76.00 | OK | |
| r-oldrel-windows-x86_64 | 0.1-8 | 55.00 | 132.00 | 187.00 | OK | 
Version: 0.1-8
Check: CRAN incoming feasibility
Result: NOTE
  Maintainer: ‘Natalya Pya Arnqvist <nat.pya@gmail.com>’
  
  No Authors@R field in DESCRIPTION.
  Please add one, modifying
    Authors@R: c(person(given = c("Natalya", "Pya"),
                        family = "Arnqvist",
                        role = c("aut", "cre"),
                        email = "nat.pya@gmail.com"),
                 person(given = c("Sara", "Sjöstedt"),
                        family = "de Luna",
                        role = "aut"),
                 person(given = "Konrad",
                        family = "Abramowicz",
                        role = "aut"))
  as necessary.
Flavors: r-devel-linux-x86_64-debian-clang, r-devel-linux-x86_64-debian-gcc