Last updated on 2025-10-31 02:50:31 CET.
| Flavor | Version | Tinstall | Tcheck | Ttotal | Status | Flags | 
|---|---|---|---|---|---|---|
| r-devel-linux-x86_64-debian-clang | 0.6 | 2.53 | 30.41 | 32.94 | NOTE | |
| r-devel-linux-x86_64-debian-gcc | 0.6 | 2.06 | 24.51 | 26.57 | NOTE | |
| r-devel-linux-x86_64-fedora-clang | 0.6 | 10.00 | 42.41 | 52.41 | OK | |
| r-devel-linux-x86_64-fedora-gcc | 0.6 | 62.09 | OK | |||
| r-devel-windows-x86_64 | 0.6 | 4.00 | 55.00 | 59.00 | OK | |
| r-patched-linux-x86_64 | 0.6 | 2.43 | 29.17 | 31.60 | OK | |
| r-release-linux-x86_64 | 0.6 | 2.76 | 29.21 | 31.97 | OK | |
| r-release-macos-arm64 | 0.6 | 2.00 | 27.00 | 29.00 | OK | |
| r-release-macos-x86_64 | 0.6 | 3.00 | 48.00 | 51.00 | OK | |
| r-release-windows-x86_64 | 0.6 | 3.00 | 58.00 | 61.00 | OK | |
| r-oldrel-macos-arm64 | 0.6 | 2.00 | 23.00 | 25.00 | OK | |
| r-oldrel-macos-x86_64 | 0.6 | 3.00 | 35.00 | 38.00 | OK | |
| r-oldrel-windows-x86_64 | 0.6 | 6.00 | 65.00 | 71.00 | OK | 
Version: 0.6
Check: CRAN incoming feasibility
Result: NOTE
  Maintainer: ‘Benjamin Baumgartner <benjamin@baumgrt.com>’
  
  Package CITATION file contains call(s) to old-style personList() or
  as.personList().  Please use c() on person objects instead.
  Package CITATION file contains call(s) to old-style citEntry().  Please
  use bibentry() instead.
Flavors: r-devel-linux-x86_64-debian-clang, r-devel-linux-x86_64-debian-gcc