Last updated on 2025-10-30 02:49:02 CET.
| Flavor | Version | Tinstall | Tcheck | Ttotal | Status | Flags | 
|---|---|---|---|---|---|---|
| r-devel-linux-x86_64-debian-clang | 0.2.0 | 3.85 | 84.50 | 88.35 | NOTE | |
| r-devel-linux-x86_64-debian-gcc | 0.2.0 | 4.05 | 62.02 | 66.07 | NOTE | |
| r-devel-linux-x86_64-fedora-clang | 0.2.0 | 27.00 | 122.52 | 149.52 | NOTE | |
| r-devel-linux-x86_64-fedora-gcc | 0.2.0 | 23.00 | 134.44 | 157.44 | NOTE | |
| r-devel-windows-x86_64 | 0.2.0 | 8.00 | 108.00 | 116.00 | NOTE | |
| r-patched-linux-x86_64 | 0.2.0 | 5.89 | 78.79 | 84.68 | NOTE | |
| r-release-linux-x86_64 | 0.2.0 | 6.43 | 79.21 | 85.64 | NOTE | |
| r-release-macos-arm64 | 0.2.0 | 2.00 | 53.00 | 55.00 | NOTE | |
| r-release-macos-x86_64 | 0.2.0 | 5.00 | 93.00 | 98.00 | NOTE | |
| r-release-windows-x86_64 | 0.2.0 | 9.00 | 108.00 | 117.00 | NOTE | |
| r-oldrel-macos-arm64 | 0.2.0 | 2.00 | 50.00 | 52.00 | NOTE | |
| r-oldrel-macos-x86_64 | 0.2.0 | 7.00 | 134.00 | 141.00 | NOTE | |
| r-oldrel-windows-x86_64 | 0.2.0 | 13.00 | 137.00 | 150.00 | NOTE | 
Version: 0.2.0
Check: Rd files
Result: NOTE
  checkRd: (-1) flow_embed.Rd:30: Lost braces; missing escapes or markup?
      30 | \item Don't forget to add {flow} to Suggests in your DESCRIPTION file.
         |                           ^
Flavors: r-devel-linux-x86_64-debian-clang, r-devel-linux-x86_64-debian-gcc, r-devel-linux-x86_64-fedora-clang, r-devel-linux-x86_64-fedora-gcc, r-devel-windows-x86_64, r-patched-linux-x86_64, r-release-linux-x86_64, r-release-macos-arm64, r-release-macos-x86_64, r-release-windows-x86_64, r-oldrel-macos-arm64, r-oldrel-macos-x86_64, r-oldrel-windows-x86_64