Last updated on 2025-10-30 02:49:02 CET.
| Flavor | Version | Tinstall | Tcheck | Ttotal | Status | Flags | 
|---|---|---|---|---|---|---|
| r-devel-linux-x86_64-debian-clang | 0.7.6 | 4.31 | 46.95 | 51.26 | NOTE | |
| r-devel-linux-x86_64-debian-gcc | 0.7.6 | 3.31 | 32.48 | 35.79 | NOTE | |
| r-devel-linux-x86_64-fedora-clang | 0.7.6 | 21.00 | 63.34 | 84.34 | OK | |
| r-devel-linux-x86_64-fedora-gcc | 0.7.6 | 14.00 | 61.53 | 75.53 | OK | |
| r-devel-windows-x86_64 | 0.7.6 | 5.00 | 68.00 | 73.00 | OK | |
| r-patched-linux-x86_64 | 0.7.6 | 5.66 | 44.27 | 49.93 | OK | |
| r-release-linux-x86_64 | 0.7.6 | 4.56 | 44.27 | 48.83 | OK | |
| r-release-macos-arm64 | 0.7.6 | 2.00 | 25.00 | 27.00 | OK | |
| r-release-macos-x86_64 | 0.7.6 | 4.00 | 37.00 | 41.00 | OK | |
| r-release-windows-x86_64 | 0.7.6 | 5.00 | 69.00 | 74.00 | OK | |
| r-oldrel-macos-arm64 | 0.7.6 | 2.00 | 19.00 | 21.00 | OK | |
| r-oldrel-macos-x86_64 | 0.7.6 | 3.00 | 31.00 | 34.00 | OK | |
| r-oldrel-windows-x86_64 | 0.7.6 | 9.00 | 82.00 | 91.00 | OK | 
Version: 0.7.6
Check: CRAN incoming feasibility
Result: NOTE
  Maintainer: ‘Minato Nakazawa <minatonakazawa@gmail.com>’
  
  No Authors@R field in DESCRIPTION.
  Please add one, modifying
    Authors@R: person(given = "Minato",
                      family = "Nakazawa",
                      role = c("aut", "cre"),
                      email = "minatonakazawa@gmail.com")
  as necessary.
Flavors: r-devel-linux-x86_64-debian-clang, r-devel-linux-x86_64-debian-gcc