Last updated on 2025-10-30 02:49:03 CET.
| Flavor | Version | Tinstall | Tcheck | Ttotal | Status | Flags | 
|---|---|---|---|---|---|---|
| r-devel-linux-x86_64-debian-clang | 0.7.0 | 2.27 | 20.08 | 22.35 | NOTE | |
| r-devel-linux-x86_64-debian-gcc | 0.7.0 | 1.68 | 16.39 | 18.07 | NOTE | |
| r-devel-linux-x86_64-fedora-clang | 0.7.0 | 32.49 | OK | |||
| r-devel-linux-x86_64-fedora-gcc | 0.7.0 | 30.69 | OK | |||
| r-devel-windows-x86_64 | 0.7.0 | 3.00 | 39.00 | 42.00 | OK | |
| r-patched-linux-x86_64 | 0.7.0 | 1.38 | 18.83 | 20.21 | OK | |
| r-release-linux-x86_64 | 0.7.0 | 2.10 | 19.01 | 21.11 | OK | |
| r-release-macos-arm64 | 0.7.0 | 7.00 | 14.00 | 21.00 | OK | |
| r-release-macos-x86_64 | 0.7.0 | 14.00 | 22.00 | 36.00 | OK | |
| r-release-windows-x86_64 | 0.7.0 | 3.00 | 42.00 | 45.00 | OK | |
| r-oldrel-macos-arm64 | 0.7.0 | 6.00 | 14.00 | 20.00 | OK | |
| r-oldrel-macos-x86_64 | 0.7.0 | 9.00 | 22.00 | 31.00 | OK | |
| r-oldrel-windows-x86_64 | 0.7.0 | 4.00 | 45.00 | 49.00 | OK | 
Version: 0.7.0
Check: CRAN incoming feasibility
Result: NOTE
  Maintainer: ‘Ivan Kuzmin <ivan.kuzmin@ut.ee>’
  
  No Authors@R field in DESCRIPTION.
  Please add one, modifying
    Authors@R: c(person(given = "Juri",
                        family = "Reimand",
                        role = "aut",
                        email = "juri.reimand@ut.ee"),
                 person(given = "Raivo",
                        family = "Kolde",
                        role = "aut",
                        email = "rkolde@gmail.com"),
                 person(given = "Tambet",
                        family = "Arak",
                        role = "aut",
                        email = "tambet.arak@gmail.com"),
                 person(given = "Ivan",
                        family = "Kuzmin",
                        role = "cre",
                        email = "ivan.kuzmin@ut.ee"))
  as necessary.
Flavors: r-devel-linux-x86_64-debian-clang, r-devel-linux-x86_64-debian-gcc