Last updated on 2025-10-31 02:50:31 CET.
| Flavor | Version | Tinstall | Tcheck | Ttotal | Status | Flags | 
|---|---|---|---|---|---|---|
| r-devel-linux-x86_64-debian-clang | 0.5.1 | 2.16 | 17.68 | 19.84 | NOTE | |
| r-devel-linux-x86_64-debian-gcc | 0.5.1 | 1.90 | 14.88 | 16.78 | NOTE | |
| r-devel-linux-x86_64-fedora-clang | 0.5.1 | 29.95 | NOTE | |||
| r-devel-linux-x86_64-fedora-gcc | 0.5.1 | 27.77 | NOTE | |||
| r-devel-windows-x86_64 | 0.5.1 | 5.00 | 41.00 | 46.00 | NOTE | |
| r-patched-linux-x86_64 | 0.5.1 | 2.00 | 16.71 | 18.71 | NOTE | |
| r-release-linux-x86_64 | 0.5.1 | 2.19 | 16.82 | 19.01 | NOTE | |
| r-release-macos-arm64 | 0.5.1 | 2.00 | 15.00 | 17.00 | NOTE | |
| r-release-macos-x86_64 | 0.5.1 | 5.00 | 30.00 | 35.00 | NOTE | |
| r-release-windows-x86_64 | 0.5.1 | 4.00 | 47.00 | 51.00 | NOTE | |
| r-oldrel-macos-arm64 | 0.5.1 | 2.00 | 13.00 | 15.00 | OK | |
| r-oldrel-macos-x86_64 | 0.5.1 | 4.00 | 26.00 | 30.00 | OK | |
| r-oldrel-windows-x86_64 | 0.5.1 | 4.00 | 42.00 | 46.00 | OK | 
Version: 0.5.1
Check: CRAN incoming feasibility
Result: NOTE
  Maintainer: ‘Telford Tendys <gafit@lnx-bsp.net>’
  
  No Authors@R field in DESCRIPTION.
  Please add one, modifying
    Authors@R: person(given = "Telford",
                      family = "Tendys",
                      role = c("aut", "cre"),
                      email = "gafit@lnx-bsp.net")
  as necessary.
Flavors: r-devel-linux-x86_64-debian-clang, r-devel-linux-x86_64-debian-gcc
Version: 0.5.1
Check: compiled code
Result: NOTE
  File ‘gafit/libs/gafit.so’:
    Found non-API calls to R: ‘FRAME’, ‘HASHTAB’
  
  Compiled code should not call non-API entry points in R.
  
  See ‘Writing portable packages’ in the ‘Writing R Extensions’ manual,
  and section ‘Moving into C API compliance’ for issues with the use of
  non-API entry points.
Flavors: r-devel-linux-x86_64-debian-clang, r-devel-linux-x86_64-debian-gcc, r-patched-linux-x86_64, r-release-linux-x86_64, r-release-macos-arm64, r-release-macos-x86_64
Version: 0.5.1
Check: compiled code
Result: NOTE
  File ‘gafit/libs/gafit.so’:
    Found non-API calls to R: ‘FRAME’, ‘HASHTAB’
  File ‘gafit/libs/gafit.so’:
    Found no calls to: ‘R_registerRoutines’, ‘R_useDynamicSymbols’
  
  Compiled code should not call non-API entry points in R.
  It is good practice to register native routines and to disable symbol
  search.
  
  See ‘Writing portable packages’ in the ‘Writing R Extensions’ manual,
  and section ‘Moving into C API compliance’ for issues with the use of
  non-API entry points.
Flavors: r-devel-linux-x86_64-fedora-clang, r-devel-linux-x86_64-fedora-gcc
Version: 0.5.1
Check: compiled code
Result: NOTE
  File 'gafit/libs/x64/gafit.dll':
    Found non-API calls to R: 'FRAME', 'HASHTAB'
  
  Compiled code should not call non-API entry points in R.
  
  See 'Writing portable packages' in the 'Writing R Extensions' manual,
  and section 'Moving into C API compliance' for issues with the use of
  non-API entry points.
Flavors: r-devel-windows-x86_64, r-release-windows-x86_64