Last updated on 2025-10-30 02:49:02 CET.
| Flavor | Version | Tinstall | Tcheck | Ttotal | Status | Flags |
|---|---|---|---|---|---|---|
| r-devel-linux-x86_64-debian-clang | 1.2 | 1.50 | 50.03 | 51.53 | OK | |
| r-devel-linux-x86_64-debian-gcc | 1.2 | 1.44 | 38.47 | 39.91 | OK | |
| r-devel-linux-x86_64-fedora-clang | 1.2 | 12.00 | 71.65 | 83.65 | NOTE | |
| r-devel-linux-x86_64-fedora-gcc | 1.2 | 96.34 | NOTE | |||
| r-devel-windows-x86_64 | 1.2 | 3.00 | 149.00 | 152.00 | OK | |
| r-patched-linux-x86_64 | 1.2 | 0.31 | 1.90 | 2.21 | ERROR | |
| r-release-linux-x86_64 | 1.2 | 1.97 | 47.07 | 49.04 | OK | |
| r-release-macos-arm64 | 1.2 | 1.00 | 58.00 | 59.00 | OK | |
| r-release-macos-x86_64 | 1.2 | 2.00 | 74.00 | 76.00 | OK | |
| r-release-windows-x86_64 | 1.2 | 4.00 | 134.00 | 138.00 | OK | |
| r-oldrel-macos-arm64 | 1.2 | 1.00 | 44.00 | 45.00 | OK | |
| r-oldrel-macos-x86_64 | 1.2 | 2.00 | 100.00 | 102.00 | OK | |
| r-oldrel-windows-x86_64 | 1.2 | 5.00 | 168.00 | 173.00 | OK |
Version: 1.2
Check: dependencies in R code
Result: NOTE
Namespace in Imports field not imported from: ‘qpdf’
All declared Imports should be used.
Flavors: r-devel-linux-x86_64-fedora-clang, r-devel-linux-x86_64-fedora-gcc
Version: 1.2
Check: package dependencies
Result: ERROR
Package required but not available: ‘GEOquery’
See section ‘The DESCRIPTION file’ in the ‘Writing R Extensions’
manual.
Flavor: r-patched-linux-x86_64