Last updated on 2025-10-30 02:49:02 CET.
| Flavor | Version | Tinstall | Tcheck | Ttotal | Status | Flags | 
|---|---|---|---|---|---|---|
| r-devel-linux-x86_64-debian-clang | 0.3.3 | 10.38 | 104.10 | 114.48 | NOTE | |
| r-devel-linux-x86_64-debian-gcc | 0.3.3 | 6.60 | 73.77 | 80.37 | NOTE | |
| r-devel-linux-x86_64-fedora-clang | 0.3.3 | 46.00 | 138.51 | 184.51 | NOTE | |
| r-devel-linux-x86_64-fedora-gcc | 0.3.3 | 23.00 | 157.35 | 180.35 | NOTE | |
| r-devel-windows-x86_64 | 0.3.3 | 12.00 | 103.00 | 115.00 | NOTE | |
| r-patched-linux-x86_64 | 0.3.3 | 10.08 | 96.78 | 106.86 | NOTE | |
| r-release-linux-x86_64 | 0.3.3 | 10.32 | 96.14 | 106.46 | NOTE | |
| r-release-macos-arm64 | 0.3.3 | 4.00 | 47.00 | 51.00 | NOTE | |
| r-release-macos-x86_64 | 0.3.3 | 6.00 | 59.00 | 65.00 | OK | |
| r-release-windows-x86_64 | 0.3.3 | 12.00 | 104.00 | 116.00 | NOTE | |
| r-oldrel-macos-arm64 | 0.3.3 | 4.00 | 49.00 | 53.00 | OK | |
| r-oldrel-macos-x86_64 | 0.3.3 | 8.00 | 85.00 | 93.00 | OK | |
| r-oldrel-windows-x86_64 | 0.3.3 | 17.00 | 135.00 | 152.00 | OK | 
Version: 0.3.3
Check: DESCRIPTION meta-information
Result: NOTE
    Missing dependency on R >= 4.2.0 because package code uses the pipe
    placeholder syntax added in R 4.2.0.
    File(s) using such syntax:
      ‘crossover.R’ ‘initialize_population.R’ ‘mutation.R’
Flavors: r-devel-linux-x86_64-debian-clang, r-devel-linux-x86_64-debian-gcc, r-devel-linux-x86_64-fedora-clang, r-devel-linux-x86_64-fedora-gcc, r-devel-windows-x86_64, r-patched-linux-x86_64, r-release-linux-x86_64, r-release-macos-arm64, r-release-windows-x86_64