Last updated on 2025-10-31 02:50:32 CET.
| Flavor | Version | Tinstall | Tcheck | Ttotal | Status | Flags | 
|---|---|---|---|---|---|---|
| r-devel-linux-x86_64-debian-clang | 0.3.4 | 33.58 | 285.59 | 319.17 | NOTE | |
| r-devel-linux-x86_64-debian-gcc | 0.3.4 | 20.42 | 183.28 | 203.70 | NOTE | |
| r-devel-linux-x86_64-fedora-clang | 0.3.4 | 136.00 | 406.84 | 542.84 | OK | |
| r-devel-linux-x86_64-fedora-gcc | 0.3.4 | 70.00 | 411.68 | 481.68 | OK | |
| r-devel-windows-x86_64 | 0.3.4 | 31.00 | 218.00 | 249.00 | OK | |
| r-patched-linux-x86_64 | 0.3.4 | 29.77 | 272.51 | 302.28 | OK | |
| r-release-linux-x86_64 | 0.3.4 | 28.63 | 270.05 | 298.68 | OK | |
| r-release-macos-arm64 | 0.3.4 | 14.00 | 103.00 | 117.00 | OK | |
| r-release-macos-x86_64 | 0.3.4 | 25.00 | 184.00 | 209.00 | OK | |
| r-release-windows-x86_64 | 0.3.4 | 31.00 | 213.00 | 244.00 | OK | |
| r-oldrel-macos-arm64 | 0.3.4 | 12.00 | 84.00 | 96.00 | OK | |
| r-oldrel-macos-x86_64 | 0.3.4 | 19.00 | 150.00 | 169.00 | OK | |
| r-oldrel-windows-x86_64 | 0.3.4 | 42.00 | 310.00 | 352.00 | OK | 
Version: 0.3.4
Check: CRAN incoming feasibility
Result: NOTE
  Maintainer: ‘Karsten Donnay <kdonnay@gmx.net>’
  
  No Authors@R field in DESCRIPTION.
  Please add one, modifying
    Authors@R: c(person(given = "Karsten",
                        family = "Donnay",
                        role = c("aut", "cre"),
                        email = "kdonnay@gmx.net"),
                 person(given = c("Andrew", "M."),
                        family = "Linke",
                        role = "aut"))
  as necessary.
Flavors: r-devel-linux-x86_64-debian-clang, r-devel-linux-x86_64-debian-gcc