Last updated on 2025-10-31 02:50:32 CET.
| Flavor | Version | Tinstall | Tcheck | Ttotal | Status | Flags | 
|---|---|---|---|---|---|---|
| r-devel-linux-x86_64-debian-clang | 0.2.4 | 68.17 | 30.45 | 98.62 | NOTE | |
| r-devel-linux-x86_64-debian-gcc | 0.2.4 | 54.98 | 24.84 | 79.82 | NOTE | |
| r-devel-linux-x86_64-fedora-clang | 0.2.4 | 138.00 | 50.02 | 188.02 | NOTE | |
| r-devel-linux-x86_64-fedora-gcc | 0.2.4 | 107.00 | 106.21 | 213.21 | NOTE | |
| r-devel-windows-x86_64 | 0.2.4 | 79.00 | 69.00 | 148.00 | NOTE | |
| r-patched-linux-x86_64 | 0.2.4 | 80.29 | 27.93 | 108.22 | NOTE | |
| r-release-linux-x86_64 | 0.2.4 | 77.97 | 27.98 | 105.95 | NOTE | |
| r-release-macos-arm64 | 0.2.4 | 27.00 | 24.00 | 51.00 | NOTE | |
| r-release-macos-x86_64 | 0.2.4 | 27.00 | 73.00 | 100.00 | NOTE | |
| r-release-windows-x86_64 | 0.2.4 | 91.00 | 72.00 | 163.00 | NOTE | |
| r-oldrel-macos-arm64 | 0.2.4 | 22.00 | 18.00 | 40.00 | NOTE | |
| r-oldrel-macos-x86_64 | 0.2.4 | 26.00 | 55.00 | 81.00 | OK | |
| r-oldrel-windows-x86_64 | 0.2.4 | 97.00 | 84.00 | 181.00 | OK | 
Version: 0.2.4
Check: compiled code
Result: NOTE
  File ‘geometries/libs/geometries.so’:
    Found non-API call to R: ‘STRING_PTR’
  
  Compiled code should not call non-API entry points in R.
  
  See ‘Writing portable packages’ in the ‘Writing R Extensions’ manual,
  and section ‘Moving into C API compliance’ for issues with the use of
  non-API entry points.
Flavors: r-devel-linux-x86_64-debian-clang, r-devel-linux-x86_64-debian-gcc, r-devel-linux-x86_64-fedora-clang, r-devel-linux-x86_64-fedora-gcc, r-patched-linux-x86_64, r-release-linux-x86_64, r-release-macos-arm64, r-release-macos-x86_64
Version: 0.2.4
Check: compiled code
Result: NOTE
  File 'geometries/libs/x64/geometries.dll':
    Found non-API call to R: 'STRING_PTR'
  
  Compiled code should not call non-API entry points in R.
  
  See 'Writing portable packages' in the 'Writing R Extensions' manual,
  and section 'Moving into C API compliance' for issues with the use of
  non-API entry points.
Flavors: r-devel-windows-x86_64, r-release-windows-x86_64
Version: 0.2.4
Check: installed package size
Result: NOTE
    installed size is  5.7Mb
    sub-directories of 1Mb or more:
      libs   5.3Mb
Flavor: r-oldrel-macos-arm64