Last updated on 2025-10-31 02:50:32 CET.
| Flavor | Version | Tinstall | Tcheck | Ttotal | Status | Flags | 
|---|---|---|---|---|---|---|
| r-devel-linux-x86_64-debian-clang | 0.1.0 | 5.99 | 41.23 | 47.22 | NOTE | |
| r-devel-linux-x86_64-debian-gcc | 0.1.0 | 4.22 | 32.00 | 36.22 | NOTE | |
| r-devel-linux-x86_64-fedora-clang | 0.1.0 | 26.00 | 43.43 | 69.43 | NOTE | |
| r-devel-linux-x86_64-fedora-gcc | 0.1.0 | 23.00 | 44.98 | 67.98 | NOTE | |
| r-devel-windows-x86_64 | 0.1.0 | 8.00 | 56.00 | 64.00 | NOTE | |
| r-patched-linux-x86_64 | 0.1.0 | 6.54 | 37.64 | 44.18 | NOTE | |
| r-release-linux-x86_64 | 0.1.0 | 6.36 | 37.33 | 43.69 | NOTE | |
| r-release-macos-arm64 | 0.1.0 | 4.00 | 28.00 | 32.00 | NOTE | |
| r-release-macos-x86_64 | 0.1.0 | 4.00 | 31.00 | 35.00 | NOTE | |
| r-release-windows-x86_64 | 0.1.0 | 8.00 | 57.00 | 65.00 | NOTE | |
| r-oldrel-macos-arm64 | 0.1.0 | 3.00 | 17.00 | 20.00 | OK | |
| r-oldrel-macos-x86_64 | 0.1.0 | 4.00 | 26.00 | 30.00 | OK | |
| r-oldrel-windows-x86_64 | 0.1.0 | 10.00 | 66.00 | 76.00 | OK | 
Version: 0.1.0
Check: DESCRIPTION meta-information
Result: NOTE
    Missing dependency on R >= 4.1.0 because package code uses the pipe
    |> or function shorthand \(...) syntax added in R 4.1.0.
    File(s) using such syntax:
      ‘geom_donut.Rd’ ‘geom_donut_slice.Rd’ ‘geom_pie.Rd’
      ‘geom_series_circles.Rd’ ‘geom_series_text.Rd’ ‘geom_slice.Rd’
      ‘stat-series-circles.R’
Flavors: r-devel-linux-x86_64-debian-clang, r-devel-linux-x86_64-debian-gcc, r-devel-linux-x86_64-fedora-clang, r-devel-linux-x86_64-fedora-gcc, r-devel-windows-x86_64, r-patched-linux-x86_64, r-release-linux-x86_64, r-release-macos-arm64, r-release-macos-x86_64, r-release-windows-x86_64