Last updated on 2025-10-30 02:49:03 CET.
| Flavor | Version | Tinstall | Tcheck | Ttotal | Status | Flags | 
|---|---|---|---|---|---|---|
| r-devel-linux-x86_64-debian-clang | 0.5-1 | 2.00 | 47.42 | 49.42 | NOTE | |
| r-devel-linux-x86_64-debian-gcc | 0.5-1 | 1.60 | 34.20 | 35.80 | NOTE | |
| r-devel-linux-x86_64-fedora-clang | 0.5-1 | 73.43 | NOTE | |||
| r-devel-linux-x86_64-fedora-gcc | 0.5-1 | 68.28 | NOTE | |||
| r-devel-windows-x86_64 | 0.5-1 | 4.00 | 61.00 | 65.00 | NOTE | |
| r-patched-linux-x86_64 | 0.5-1 | 2.10 | 43.18 | 45.28 | NOTE | |
| r-release-linux-x86_64 | 0.5-1 | 1.90 | 43.68 | 45.58 | NOTE | |
| r-release-macos-arm64 | 0.5-1 | 1.00 | 25.00 | 26.00 | NOTE | |
| r-release-macos-x86_64 | 0.5-1 | 2.00 | 49.00 | 51.00 | NOTE | |
| r-release-windows-x86_64 | 0.5-1 | 3.00 | 62.00 | 65.00 | NOTE | |
| r-oldrel-macos-arm64 | 0.5-1 | 1.00 | 23.00 | 24.00 | NOTE | |
| r-oldrel-macos-x86_64 | 0.5-1 | 2.00 | 35.00 | 37.00 | NOTE | |
| r-oldrel-windows-x86_64 | 0.5-1 | 3.00 | 69.00 | 72.00 | NOTE | 
Version: 0.5-1
Check: CRAN incoming feasibility
Result: NOTE
  Maintainer: ‘Charles J. Geyer <charlie@stat.umn.edu>’
  
  No Authors@R field in DESCRIPTION.
  Please add one, modifying
    Authors@R: c(person(given = c("Charles", "J."),
                        family = "Geyer.",
                        role = "aut",
                        email = "charlie@stat.umn.edu"),
                 person(given = c("Charles", "J."),
                        family = "Geyer",
                        role = "cre",
                        email = "charlie@stat.umn.edu"))
  as necessary.
Flavors: r-devel-linux-x86_64-debian-clang, r-devel-linux-x86_64-debian-gcc
Version: 0.5-1
Check: Rd files
Result: NOTE
  checkRd: (-1) NEWS.Rd:16: Lost braces; missing escapes or markup?
      16 |         \item Now \code{AICc == Inf} when {n <= p + 1}.
         |                                           ^
Flavors: r-devel-linux-x86_64-debian-clang, r-devel-linux-x86_64-debian-gcc, r-devel-linux-x86_64-fedora-clang, r-devel-linux-x86_64-fedora-gcc, r-devel-windows-x86_64, r-patched-linux-x86_64, r-release-linux-x86_64, r-release-macos-arm64, r-release-macos-x86_64, r-release-windows-x86_64, r-oldrel-macos-arm64, r-oldrel-macos-x86_64, r-oldrel-windows-x86_64