Last updated on 2025-10-31 02:50:32 CET.
| Flavor | Version | Tinstall | Tcheck | Ttotal | Status | Flags | 
|---|---|---|---|---|---|---|
| r-devel-linux-x86_64-debian-clang | 0.3-1 | 8.17 | 69.46 | 77.63 | NOTE | |
| r-devel-linux-x86_64-debian-gcc | 0.3-1 | 6.23 | 52.84 | 59.07 | NOTE | |
| r-devel-linux-x86_64-fedora-clang | 0.3-1 | 15.00 | 96.30 | 111.30 | NOTE | |
| r-devel-linux-x86_64-fedora-gcc | 0.3-1 | 17.00 | 90.58 | 107.58 | NOTE | |
| r-devel-windows-x86_64 | 0.3-1 | 8.00 | 81.00 | 89.00 | NOTE | |
| r-patched-linux-x86_64 | 0.3-1 | 8.02 | 66.68 | 74.70 | NOTE | |
| r-release-linux-x86_64 | 0.3-1 | 7.63 | 66.26 | 73.89 | NOTE | |
| r-release-macos-arm64 | 0.3-1 | 3.00 | 37.00 | 40.00 | NOTE | |
| r-release-macos-x86_64 | 0.3-1 | 8.00 | 74.00 | 82.00 | NOTE | |
| r-release-windows-x86_64 | 0.3-1 | 9.00 | 84.00 | 93.00 | NOTE | |
| r-oldrel-macos-arm64 | 0.3-1 | 3.00 | 33.00 | 36.00 | NOTE | |
| r-oldrel-macos-x86_64 | 0.3-1 | 6.00 | 55.00 | 61.00 | NOTE | |
| r-oldrel-windows-x86_64 | 0.3-1 | 11.00 | 104.00 | 115.00 | NOTE | 
Version: 0.3-1
Check: CRAN incoming feasibility
Result: NOTE
  Maintainer: ‘Sanjay Chaudhuri <sanjay@stat.nus.edu.sg>’
  
  Package CITATION file contains call(s) to old-style personList() or
  as.personList().  Please use c() on person objects instead.
  Package CITATION file contains call(s) to old-style citEntry().  Please
  use bibentry() instead.
Flavors: r-devel-linux-x86_64-debian-clang, r-devel-linux-x86_64-debian-gcc
Version: 0.3-1
Check: Rd files
Result: NOTE
  checkRd: (-1) glmc.Rd:232: Escaped LaTeX specials: \&
  checkRd: (-1) glmc.Rd:241: Escaped LaTeX specials: \&
  checkRd: (-1) glmc.control.Rd:29: Escaped LaTeX specials: \$
  checkRd: (-1) glmc.control.Rd:31: Escaped LaTeX specials: \$
  checkRd: (-1) glmc.summaries.Rd:79: Escaped LaTeX specials: \&
Flavors: r-devel-linux-x86_64-debian-clang, r-devel-linux-x86_64-debian-gcc, r-devel-linux-x86_64-fedora-clang, r-devel-linux-x86_64-fedora-gcc, r-devel-windows-x86_64, r-patched-linux-x86_64, r-release-linux-x86_64, r-release-macos-arm64, r-release-macos-x86_64, r-release-windows-x86_64, r-oldrel-macos-arm64, r-oldrel-macos-x86_64, r-oldrel-windows-x86_64