Last updated on 2025-10-30 02:49:03 CET.
| Flavor | Version | Tinstall | Tcheck | Ttotal | Status | Flags | 
|---|---|---|---|---|---|---|
| r-devel-linux-x86_64-debian-clang | 0.98 | 10.91 | 68.53 | 79.44 | NOTE | |
| r-devel-linux-x86_64-debian-gcc | 0.98 | 7.60 | 50.19 | 57.79 | NOTE | |
| r-devel-linux-x86_64-fedora-clang | 0.98 | 23.00 | 95.00 | 118.00 | OK | |
| r-devel-linux-x86_64-fedora-gcc | 0.98 | 25.00 | 86.08 | 111.08 | OK | |
| r-devel-windows-x86_64 | 0.98 | 15.00 | 80.00 | 95.00 | OK | |
| r-patched-linux-x86_64 | 0.98 | 10.50 | 63.51 | 74.01 | OK | |
| r-release-linux-x86_64 | 0.98 | 9.73 | 64.96 | 74.69 | OK | |
| r-release-macos-arm64 | 0.98 | 9.00 | 40.00 | 49.00 | OK | |
| r-release-macos-x86_64 | 0.98 | 16.00 | 55.00 | 71.00 | OK | |
| r-release-windows-x86_64 | 0.98 | 14.00 | 83.00 | 97.00 | OK | |
| r-oldrel-macos-arm64 | 0.98 | 7.00 | 33.00 | 40.00 | OK | |
| r-oldrel-macos-x86_64 | 0.98 | 10.00 | 47.00 | 57.00 | OK | |
| r-oldrel-windows-x86_64 | 0.98 | 18.00 | 100.00 | 118.00 | OK | 
Version: 0.98
Check: CRAN incoming feasibility
Result: NOTE
  Maintainer: ‘Mee Young Park <meeyoung@google.com>’
  
  No Authors@R field in DESCRIPTION.
  Please add one, modifying
    Authors@R: c(person(given = c("Mee", "Young"),
                        family = "Park",
                        role = c("aut", "cre"),
                        email = "meeyoung@google.com"),
                 person(given = "Trevor",
                        family = "Hastie",
                        role = "aut"))
  as necessary.
Flavors: r-devel-linux-x86_64-debian-clang, r-devel-linux-x86_64-debian-gcc