Last updated on 2025-10-30 02:49:03 CET.
| Flavor | Version | Tinstall | Tcheck | Ttotal | Status | Flags | 
|---|---|---|---|---|---|---|
| r-devel-linux-x86_64-debian-clang | 1.0 | 12.51 | 123.48 | 135.99 | NOTE | |
| r-devel-linux-x86_64-debian-gcc | 1.0 | 8.63 | 94.59 | 103.22 | NOTE | |
| r-devel-linux-x86_64-fedora-clang | 1.0 | 29.00 | 177.97 | 206.97 | OK | |
| r-devel-linux-x86_64-fedora-gcc | 1.0 | 27.00 | 183.14 | 210.14 | OK | |
| r-devel-windows-x86_64 | 1.0 | 14.00 | 115.00 | 129.00 | OK | |
| r-patched-linux-x86_64 | 1.0 | 10.65 | 110.42 | 121.07 | OK | |
| r-release-linux-x86_64 | 1.0 | 11.89 | 110.95 | 122.84 | OK | |
| r-release-macos-arm64 | 1.0 | 6.00 | 69.00 | 75.00 | OK | |
| r-release-macos-x86_64 | 1.0 | 10.00 | 97.00 | 107.00 | OK | |
| r-release-windows-x86_64 | 1.0 | 13.00 | 126.00 | 139.00 | OK | |
| r-oldrel-macos-arm64 | 1.0 | 6.00 | 54.00 | 60.00 | OK | |
| r-oldrel-macos-x86_64 | 1.0 | 8.00 | 83.00 | 91.00 | OK | |
| r-oldrel-windows-x86_64 | 1.0 | 19.00 | 152.00 | 171.00 | OK | 
Version: 1.0
Check: CRAN incoming feasibility
Result: NOTE
  Maintainer: ‘Mary E. Savino <mary.savino@outlook.fr>’
  
  No Authors@R field in DESCRIPTION.
  Please add one, modifying
    Authors@R: c(person(given = c("M.", "E."),
                        family = "Savino",
                        role = "aut"),
                 person(given = c("Mary", "E."),
                        family = "Savino",
                        role = "cre",
                        email = "mary.savino@outlook.fr"))
  as necessary.
  
  The Description field contains
    Lévy-Leduc, C. (2023), <arXiv:2306.00686>.
  Please refer to arXiv e-prints via their arXiv DOI <doi:10.48550/arXiv.YYMM.NNNNN>.
Flavors: r-devel-linux-x86_64-debian-clang, r-devel-linux-x86_64-debian-gcc