Last updated on 2025-10-30 02:49:03 CET.
| Flavor | Version | Tinstall | Tcheck | Ttotal | Status | Flags | 
|---|---|---|---|---|---|---|
| r-devel-linux-x86_64-debian-clang | 0.3.0 | 22.37 | 399.66 | 422.03 | ERROR | |
| r-devel-linux-x86_64-debian-gcc | 0.3.0 | 17.52 | 346.38 | 363.90 | ERROR | |
| r-devel-linux-x86_64-fedora-clang | 0.3.0 | 102.00 | 495.90 | 597.90 | ERROR | |
| r-devel-linux-x86_64-fedora-gcc | 0.3.0 | 51.00 | 643.41 | 694.41 | ERROR | |
| r-devel-windows-x86_64 | 0.3.0 | 26.00 | 586.00 | 612.00 | ERROR | |
| r-patched-linux-x86_64 | 0.3.0 | 21.62 | 464.81 | 486.43 | ERROR | |
| r-release-linux-x86_64 | 0.3.0 | 24.62 | 450.32 | 474.94 | ERROR | |
| r-release-macos-arm64 | 0.3.0 | 7.00 | 128.00 | 135.00 | NOTE | |
| r-release-macos-x86_64 | 0.3.0 | 24.00 | 1178.00 | 1202.00 | NOTE | |
| r-release-windows-x86_64 | 0.3.0 | 26.00 | 601.00 | 627.00 | ERROR | |
| r-oldrel-macos-arm64 | 0.3.0 | 8.00 | 127.00 | 135.00 | NOTE | |
| r-oldrel-macos-x86_64 | 0.3.0 | 18.00 | 335.00 | 353.00 | NOTE | |
| r-oldrel-windows-x86_64 | 0.3.0 | 35.00 | 434.00 | 469.00 | ERROR | 
Version: 0.3.0
Check: DESCRIPTION meta-information
Result: NOTE
  'LinkingTo' field is unused: package has no 'src' directory
Flavors: r-devel-linux-x86_64-debian-clang, r-devel-linux-x86_64-debian-gcc, r-devel-linux-x86_64-fedora-clang, r-devel-linux-x86_64-fedora-gcc, r-devel-windows-x86_64, r-patched-linux-x86_64, r-release-linux-x86_64, r-release-macos-arm64, r-release-macos-x86_64, r-release-windows-x86_64, r-oldrel-macos-arm64, r-oldrel-macos-x86_64, r-oldrel-windows-x86_64
Version: 0.3.0
Check: tests
Result: ERROR
    Running ‘testthat.R’ [278s/363s]
  Running the tests in ‘tests/testthat.R’ failed.
  Complete output:
    > Sys.setenv("R_TESTS" = "")
    > library(testthat)
    > library(gppm)
    > 
    > test_check("gppm")
    [0.0101107,0.0101107,0.0101107,0.0101107,0.0101107,6.78892,188.845]
    
    [0.0101107,0.0101107,0.0101107,0.0101107,0.0101107,6.78892,188.845]
    
    [0.0101107,0.0101107,0.0101107,0.0101107,0.0101107,6.78892,188.845]
    
    [0.0101107,0.0101107,0.0101107,0.0101107,0.0101107,6.78892,188.845]
    
    [0.0101107,0.0101107,0.0101107,0.0101107,0.0101107,6.79006,188.851]
    
    [0.0101107,0.0101107,0.0101107,0.0101107,0.0101107,6.78778,188.84]
    
    [0.0101107,0.0101107,0.0101107,0.0101107,0.0101107,6.78672,188.909]
    
    [0.0101107,0.0101107,0.0101107,0.0101107,0.0101107,6.79111,188.782]
    
    [0.0101107,0.0101107,0.0101107,0.0101107,0.0101107,6.78997,189.018]
    
    [0.0101107,0.0101107,0.0101107,0.0101107,0.0101107,6.78786,188.673]
    
    [0.0111107,0.0111107,0.0111107,0.0111107,0.0111107,6.78992,188.846]
    
    [0.00911071,0.00911071,0.00911071,0.00911071,0.00911071,6.78792,188.844]
    
    [ FAIL 2 | WARN 0 | SKIP 6 | PASS 1808 ]
    
    ══ Skipped tests (6) ═══════════════════════════════════════════════════════════
    • On CRAN (6): 'test-cv.R:26:3', 'test-fit.R:17:3', 'test-fit.R:25:3',
      'test-predict.R:21:3', 'test-predict.R:60:3', 'test-predict.R:69:3'
    
    ══ Failed tests ════════════════════════════════════════════════════════════════
    ── Failure ('test-plotLong.R:4:3'): simple ─────────────────────────────────────
    class(thePlot) not identical to c("gg", "ggplot").
    Lengths differ: 5 is not 2
    ── Failure ('test-plotLong.R:9:3'): select all arguments ───────────────────────
    class(thePlot) not identical to c("gg", "ggplot").
    Lengths differ: 5 is not 2
    
    [ FAIL 2 | WARN 0 | SKIP 6 | PASS 1808 ]
    Error: Test failures
    Execution halted
Flavor: r-devel-linux-x86_64-debian-clang
Version: 0.3.0
Check: tests
Result: ERROR
    Running ‘testthat.R’ [257s/322s]
  Running the tests in ‘tests/testthat.R’ failed.
  Complete output:
    > Sys.setenv("R_TESTS" = "")
    > library(testthat)
    > library(gppm)
    > 
    > test_check("gppm")
    [0.0101107,0.0101107,0.0101107,0.0101107,0.0101107,6.78892,188.845]
    
    [0.0101107,0.0101107,0.0101107,0.0101107,0.0101107,6.78892,188.845]
    
    [0.0101107,0.0101107,0.0101107,0.0101107,0.0101107,6.78892,188.845]
    
    [0.0101107,0.0101107,0.0101107,0.0101107,0.0101107,6.78892,188.845]
    
    [0.0101107,0.0101107,0.0101107,0.0101107,0.0101107,6.79006,188.851]
    
    [0.0101107,0.0101107,0.0101107,0.0101107,0.0101107,6.78778,188.84]
    
    [0.0101107,0.0101107,0.0101107,0.0101107,0.0101107,6.78672,188.909]
    
    [0.0101107,0.0101107,0.0101107,0.0101107,0.0101107,6.79111,188.782]
    
    [0.0101107,0.0101107,0.0101107,0.0101107,0.0101107,6.78997,189.018]
    
    [0.0101107,0.0101107,0.0101107,0.0101107,0.0101107,6.78786,188.673]
    
    [0.0111107,0.0111107,0.0111107,0.0111107,0.0111107,6.78992,188.846]
    
    [0.00911071,0.00911071,0.00911071,0.00911071,0.00911071,6.78792,188.844]
    
    [ FAIL 2 | WARN 0 | SKIP 6 | PASS 1808 ]
    
    ══ Skipped tests (6) ═══════════════════════════════════════════════════════════
    • On CRAN (6): 'test-cv.R:26:3', 'test-fit.R:17:3', 'test-fit.R:25:3',
      'test-predict.R:21:3', 'test-predict.R:60:3', 'test-predict.R:69:3'
    
    ══ Failed tests ════════════════════════════════════════════════════════════════
    ── Failure ('test-plotLong.R:4:3'): simple ─────────────────────────────────────
    class(thePlot) not identical to c("gg", "ggplot").
    Lengths differ: 5 is not 2
    ── Failure ('test-plotLong.R:9:3'): select all arguments ───────────────────────
    class(thePlot) not identical to c("gg", "ggplot").
    Lengths differ: 5 is not 2
    
    [ FAIL 2 | WARN 0 | SKIP 6 | PASS 1808 ]
    Error: Test failures
    Execution halted
Flavor: r-devel-linux-x86_64-debian-gcc
Version: 0.3.0
Check: tests
Result: ERROR
    Running ‘testthat.R’ [6m/17m]
  Running the tests in ‘tests/testthat.R’ failed.
  Complete output:
    > Sys.setenv("R_TESTS" = "")
    > library(testthat)
    > library(gppm)
    > 
    > test_check("gppm")
    [0.0101107,0.0101107,0.0101107,0.0101107,0.0101107,6.78892,188.845]
    
    [0.0101107,0.0101107,0.0101107,0.0101107,0.0101107,6.78892,188.845]
    
    [0.0101107,0.0101107,0.0101107,0.0101107,0.0101107,6.78892,188.845]
    
    [0.0101107,0.0101107,0.0101107,0.0101107,0.0101107,6.78892,188.845]
    
    [0.0101107,0.0101107,0.0101107,0.0101107,0.0101107,6.79006,188.851]
    
    [0.0101107,0.0101107,0.0101107,0.0101107,0.0101107,6.78778,188.84]
    
    [0.0101107,0.0101107,0.0101107,0.0101107,0.0101107,6.78672,188.909]
    
    [0.0101107,0.0101107,0.0101107,0.0101107,0.0101107,6.79111,188.782]
    
    [0.0101107,0.0101107,0.0101107,0.0101107,0.0101107,6.78997,189.018]
    
    [0.0101107,0.0101107,0.0101107,0.0101107,0.0101107,6.78786,188.673]
    
    [0.0111107,0.0111107,0.0111107,0.0111107,0.0111107,6.78992,188.846]
    
    [0.00911071,0.00911071,0.00911071,0.00911071,0.00911071,6.78792,188.844]
    
    [ FAIL 2 | WARN 0 | SKIP 6 | PASS 1808 ]
    
    ══ Skipped tests (6) ═══════════════════════════════════════════════════════════
    • On CRAN (6): 'test-cv.R:26:3', 'test-fit.R:17:3', 'test-fit.R:25:3',
      'test-predict.R:21:3', 'test-predict.R:60:3', 'test-predict.R:69:3'
    
    ══ Failed tests ════════════════════════════════════════════════════════════════
    ── Failure ('test-plotLong.R:4:3'): simple ─────────────────────────────────────
    class(thePlot) not identical to c("gg", "ggplot").
    Lengths differ: 5 is not 2
    ── Failure ('test-plotLong.R:9:3'): select all arguments ───────────────────────
    class(thePlot) not identical to c("gg", "ggplot").
    Lengths differ: 5 is not 2
    
    [ FAIL 2 | WARN 0 | SKIP 6 | PASS 1808 ]
    Error: Test failures
    Execution halted
Flavor: r-devel-linux-x86_64-fedora-clang
Version: 0.3.0
Check: tests
Result: ERROR
    Running ‘testthat.R’ [8m/10m]
  Running the tests in ‘tests/testthat.R’ failed.
  Complete output:
    > Sys.setenv("R_TESTS" = "")
    > library(testthat)
    > library(gppm)
    > 
    > test_check("gppm")
    [0.0101107,0.0101107,0.0101107,0.0101107,0.0101107,6.78892,188.845]
    
    [0.0101107,0.0101107,0.0101107,0.0101107,0.0101107,6.78892,188.845]
    
    [0.0101107,0.0101107,0.0101107,0.0101107,0.0101107,6.78892,188.845]
    
    [0.0101107,0.0101107,0.0101107,0.0101107,0.0101107,6.78892,188.845]
    
    [0.0101107,0.0101107,0.0101107,0.0101107,0.0101107,6.79006,188.851]
    
    [0.0101107,0.0101107,0.0101107,0.0101107,0.0101107,6.78778,188.84]
    
    [0.0101107,0.0101107,0.0101107,0.0101107,0.0101107,6.78672,188.909]
    
    [0.0101107,0.0101107,0.0101107,0.0101107,0.0101107,6.79111,188.782]
    
    [0.0101107,0.0101107,0.0101107,0.0101107,0.0101107,6.78997,189.018]
    
    [0.0101107,0.0101107,0.0101107,0.0101107,0.0101107,6.78786,188.673]
    
    [0.0111107,0.0111107,0.0111107,0.0111107,0.0111107,6.78992,188.846]
    
    [0.00911071,0.00911071,0.00911071,0.00911071,0.00911071,6.78792,188.844]
    
    [ FAIL 2 | WARN 0 | SKIP 6 | PASS 1808 ]
    
    ══ Skipped tests (6) ═══════════════════════════════════════════════════════════
    • On CRAN (6): 'test-cv.R:26:3', 'test-fit.R:17:3', 'test-fit.R:25:3',
      'test-predict.R:21:3', 'test-predict.R:60:3', 'test-predict.R:69:3'
    
    ══ Failed tests ════════════════════════════════════════════════════════════════
    ── Failure ('test-plotLong.R:4:3'): simple ─────────────────────────────────────
    class(thePlot) not identical to c("gg", "ggplot").
    Lengths differ: 5 is not 2
    ── Failure ('test-plotLong.R:9:3'): select all arguments ───────────────────────
    class(thePlot) not identical to c("gg", "ggplot").
    Lengths differ: 5 is not 2
    
    [ FAIL 2 | WARN 0 | SKIP 6 | PASS 1808 ]
    Error: Test failures
    Execution halted
Flavor: r-devel-linux-x86_64-fedora-gcc
Version: 0.3.0
Check: tests
Result: ERROR
    Running 'testthat.R' [469s]
  Running the tests in 'tests/testthat.R' failed.
  Complete output:
    > Sys.setenv("R_TESTS" = "")
    > library(testthat)
    > library(gppm)
    > 
    > test_check("gppm")
    [0.0101107,0.0101107,0.0101107,0.0101107,0.0101107,6.78892,188.845]
    
    [0.0101107,0.0101107,0.0101107,0.0101107,0.0101107,6.78892,188.845]
    
    [0.0101107,0.0101107,0.0101107,0.0101107,0.0101107,6.78892,188.845]
    
    [0.0101107,0.0101107,0.0101107,0.0101107,0.0101107,6.78892,188.845]
    
    [0.0101107,0.0101107,0.0101107,0.0101107,0.0101107,6.79006,188.851]
    
    [0.0101107,0.0101107,0.0101107,0.0101107,0.0101107,6.78778,188.84]
    
    [0.0101107,0.0101107,0.0101107,0.0101107,0.0101107,6.78672,188.909]
    
    [0.0101107,0.0101107,0.0101107,0.0101107,0.0101107,6.79111,188.782]
    
    [0.0101107,0.0101107,0.0101107,0.0101107,0.0101107,6.78997,189.018]
    
    [0.0101107,0.0101107,0.0101107,0.0101107,0.0101107,6.78786,188.673]
    
    [0.0111107,0.0111107,0.0111107,0.0111107,0.0111107,6.78992,188.846]
    
    [0.00911071,0.00911071,0.00911071,0.00911071,0.00911071,6.78792,188.844]
    
    [ FAIL 2 | WARN 0 | SKIP 6 | PASS 1808 ]
    
    ══ Skipped tests (6) ═══════════════════════════════════════════════════════════
    • On CRAN (6): 'test-cv.R:26:3', 'test-fit.R:17:3', 'test-fit.R:25:3',
      'test-predict.R:21:3', 'test-predict.R:60:3', 'test-predict.R:69:3'
    
    ══ Failed tests ════════════════════════════════════════════════════════════════
    ── Failure ('test-plotLong.R:4:3'): simple ─────────────────────────────────────
    class(thePlot) not identical to c("gg", "ggplot").
    Lengths differ: 5 is not 2
    ── Failure ('test-plotLong.R:9:3'): select all arguments ───────────────────────
    class(thePlot) not identical to c("gg", "ggplot").
    Lengths differ: 5 is not 2
    
    [ FAIL 2 | WARN 0 | SKIP 6 | PASS 1808 ]
    Error: Test failures
    Execution halted
Flavor: r-devel-windows-x86_64
Version: 0.3.0
Check: tests
Result: ERROR
    Running ‘testthat.R’ [349s/450s]
  Running the tests in ‘tests/testthat.R’ failed.
  Complete output:
    > Sys.setenv("R_TESTS" = "")
    > library(testthat)
    > library(gppm)
    > 
    > test_check("gppm")
    [0.0101107,0.0101107,0.0101107,0.0101107,0.0101107,6.78892,188.845]
    
    [0.0101107,0.0101107,0.0101107,0.0101107,0.0101107,6.78892,188.845]
    
    [0.0101107,0.0101107,0.0101107,0.0101107,0.0101107,6.78892,188.845]
    
    [0.0101107,0.0101107,0.0101107,0.0101107,0.0101107,6.78892,188.845]
    
    [0.0101107,0.0101107,0.0101107,0.0101107,0.0101107,6.79006,188.851]
    
    [0.0101107,0.0101107,0.0101107,0.0101107,0.0101107,6.78778,188.84]
    
    [0.0101107,0.0101107,0.0101107,0.0101107,0.0101107,6.78672,188.909]
    
    [0.0101107,0.0101107,0.0101107,0.0101107,0.0101107,6.79111,188.782]
    
    [0.0101107,0.0101107,0.0101107,0.0101107,0.0101107,6.78997,189.018]
    
    [0.0101107,0.0101107,0.0101107,0.0101107,0.0101107,6.78786,188.673]
    
    [0.0111107,0.0111107,0.0111107,0.0111107,0.0111107,6.78992,188.846]
    
    [0.00911071,0.00911071,0.00911071,0.00911071,0.00911071,6.78792,188.844]
    
    [ FAIL 2 | WARN 0 | SKIP 6 | PASS 1808 ]
    
    ══ Skipped tests (6) ═══════════════════════════════════════════════════════════
    • On CRAN (6): 'test-cv.R:26:3', 'test-fit.R:17:3', 'test-fit.R:25:3',
      'test-predict.R:21:3', 'test-predict.R:60:3', 'test-predict.R:69:3'
    
    ══ Failed tests ════════════════════════════════════════════════════════════════
    ── Failure ('test-plotLong.R:4:3'): simple ─────────────────────────────────────
    class(thePlot) not identical to c("gg", "ggplot").
    Lengths differ: 5 is not 2
    ── Failure ('test-plotLong.R:9:3'): select all arguments ───────────────────────
    class(thePlot) not identical to c("gg", "ggplot").
    Lengths differ: 5 is not 2
    
    [ FAIL 2 | WARN 0 | SKIP 6 | PASS 1808 ]
    Error: Test failures
    Execution halted
Flavor: r-patched-linux-x86_64
Version: 0.3.0
Check: tests
Result: ERROR
    Running ‘testthat.R’ [334s/434s]
  Running the tests in ‘tests/testthat.R’ failed.
  Complete output:
    > Sys.setenv("R_TESTS" = "")
    > library(testthat)
    > library(gppm)
    > 
    > test_check("gppm")
    [0.0101107,0.0101107,0.0101107,0.0101107,0.0101107,6.78892,188.845]
    
    [0.0101107,0.0101107,0.0101107,0.0101107,0.0101107,6.78892,188.845]
    
    [0.0101107,0.0101107,0.0101107,0.0101107,0.0101107,6.78892,188.845]
    
    [0.0101107,0.0101107,0.0101107,0.0101107,0.0101107,6.78892,188.845]
    
    [0.0101107,0.0101107,0.0101107,0.0101107,0.0101107,6.79006,188.851]
    
    [0.0101107,0.0101107,0.0101107,0.0101107,0.0101107,6.78778,188.84]
    
    [0.0101107,0.0101107,0.0101107,0.0101107,0.0101107,6.78672,188.909]
    
    [0.0101107,0.0101107,0.0101107,0.0101107,0.0101107,6.79111,188.782]
    
    [0.0101107,0.0101107,0.0101107,0.0101107,0.0101107,6.78997,189.018]
    
    [0.0101107,0.0101107,0.0101107,0.0101107,0.0101107,6.78786,188.673]
    
    [0.0111107,0.0111107,0.0111107,0.0111107,0.0111107,6.78992,188.846]
    
    [0.00911071,0.00911071,0.00911071,0.00911071,0.00911071,6.78792,188.844]
    
    [ FAIL 2 | WARN 0 | SKIP 6 | PASS 1808 ]
    
    ══ Skipped tests (6) ═══════════════════════════════════════════════════════════
    • On CRAN (6): 'test-cv.R:26:3', 'test-fit.R:17:3', 'test-fit.R:25:3',
      'test-predict.R:21:3', 'test-predict.R:60:3', 'test-predict.R:69:3'
    
    ══ Failed tests ════════════════════════════════════════════════════════════════
    ── Failure ('test-plotLong.R:4:3'): simple ─────────────────────────────────────
    class(thePlot) not identical to c("gg", "ggplot").
    Lengths differ: 5 is not 2
    ── Failure ('test-plotLong.R:9:3'): select all arguments ───────────────────────
    class(thePlot) not identical to c("gg", "ggplot").
    Lengths differ: 5 is not 2
    
    [ FAIL 2 | WARN 0 | SKIP 6 | PASS 1808 ]
    Error: Test failures
    Execution halted
Flavor: r-release-linux-x86_64
Version: 0.3.0
Check: tests
Result: ERROR
    Running 'testthat.R' [484s]
  Running the tests in 'tests/testthat.R' failed.
  Complete output:
    > Sys.setenv("R_TESTS" = "")
    > library(testthat)
    > library(gppm)
    > 
    > test_check("gppm")
    [0.0101107,0.0101107,0.0101107,0.0101107,0.0101107,6.78892,188.845]
    
    [0.0101107,0.0101107,0.0101107,0.0101107,0.0101107,6.78892,188.845]
    
    [0.0101107,0.0101107,0.0101107,0.0101107,0.0101107,6.78892,188.845]
    
    [0.0101107,0.0101107,0.0101107,0.0101107,0.0101107,6.78892,188.845]
    
    [0.0101107,0.0101107,0.0101107,0.0101107,0.0101107,6.79006,188.851]
    
    [0.0101107,0.0101107,0.0101107,0.0101107,0.0101107,6.78778,188.84]
    
    [0.0101107,0.0101107,0.0101107,0.0101107,0.0101107,6.78672,188.909]
    
    [0.0101107,0.0101107,0.0101107,0.0101107,0.0101107,6.79111,188.782]
    
    [0.0101107,0.0101107,0.0101107,0.0101107,0.0101107,6.78997,189.018]
    
    [0.0101107,0.0101107,0.0101107,0.0101107,0.0101107,6.78786,188.673]
    
    [0.0111107,0.0111107,0.0111107,0.0111107,0.0111107,6.78992,188.846]
    
    [0.00911071,0.00911071,0.00911071,0.00911071,0.00911071,6.78792,188.844]
    
    [ FAIL 2 | WARN 0 | SKIP 6 | PASS 1808 ]
    
    ══ Skipped tests (6) ═══════════════════════════════════════════════════════════
    • On CRAN (6): 'test-cv.R:26:3', 'test-fit.R:17:3', 'test-fit.R:25:3',
      'test-predict.R:21:3', 'test-predict.R:60:3', 'test-predict.R:69:3'
    
    ══ Failed tests ════════════════════════════════════════════════════════════════
    ── Failure ('test-plotLong.R:4:3'): simple ─────────────────────────────────────
    class(thePlot) not identical to c("gg", "ggplot").
    Lengths differ: 5 is not 2
    ── Failure ('test-plotLong.R:9:3'): select all arguments ───────────────────────
    class(thePlot) not identical to c("gg", "ggplot").
    Lengths differ: 5 is not 2
    
    [ FAIL 2 | WARN 0 | SKIP 6 | PASS 1808 ]
    Error: Test failures
    Execution halted
Flavor: r-release-windows-x86_64
Version: 0.3.0
Check: tests
Result: ERROR
    Running 'testthat.R' [291s]
  Running the tests in 'tests/testthat.R' failed.
  Complete output:
    > Sys.setenv("R_TESTS" = "")
    > library(testthat)
    > library(gppm)
    > 
    > test_check("gppm")
    [0.0101107,0.0101107,0.0101107,0.0101107,0.0101107,6.78892,188.845]
    
    [0.0101107,0.0101107,0.0101107,0.0101107,0.0101107,6.78892,188.845]
    
    [0.0101107,0.0101107,0.0101107,0.0101107,0.0101107,6.78892,188.845]
    
    [0.0101107,0.0101107,0.0101107,0.0101107,0.0101107,6.78892,188.845]
    
    [0.0101107,0.0101107,0.0101107,0.0101107,0.0101107,6.79006,188.851]
    
    [0.0101107,0.0101107,0.0101107,0.0101107,0.0101107,6.78778,188.84]
    
    [0.0101107,0.0101107,0.0101107,0.0101107,0.0101107,6.78672,188.909]
    
    [0.0101107,0.0101107,0.0101107,0.0101107,0.0101107,6.79111,188.782]
    
    [0.0101107,0.0101107,0.0101107,0.0101107,0.0101107,6.78997,189.018]
    
    [0.0101107,0.0101107,0.0101107,0.0101107,0.0101107,6.78786,188.673]
    
    [0.0111107,0.0111107,0.0111107,0.0111107,0.0111107,6.78992,188.846]
    
    [0.00911071,0.00911071,0.00911071,0.00911071,0.00911071,6.78792,188.844]
    
    [ FAIL 2 | WARN 0 | SKIP 6 | PASS 1808 ]
    
    ══ Skipped tests (6) ═══════════════════════════════════════════════════════════
    • On CRAN (6): 'test-cv.R:26:3', 'test-fit.R:17:3', 'test-fit.R:25:3',
      'test-predict.R:21:3', 'test-predict.R:60:3', 'test-predict.R:69:3'
    
    ══ Failed tests ════════════════════════════════════════════════════════════════
    ── Failure ('test-plotLong.R:4:3'): simple ─────────────────────────────────────
    class(thePlot) not identical to c("gg", "ggplot").
    Lengths differ: 5 is not 2
    ── Failure ('test-plotLong.R:9:3'): select all arguments ───────────────────────
    class(thePlot) not identical to c("gg", "ggplot").
    Lengths differ: 5 is not 2
    
    [ FAIL 2 | WARN 0 | SKIP 6 | PASS 1808 ]
    Error: Test failures
    Execution halted
Flavor: r-oldrel-windows-x86_64