Last updated on 2025-10-30 02:49:03 CET.
| Flavor | Version | Tinstall | Tcheck | Ttotal | Status | Flags | 
|---|---|---|---|---|---|---|
| r-devel-linux-x86_64-debian-clang | 1.0.1 | 2.26 | 21.67 | 23.93 | NOTE | |
| r-devel-linux-x86_64-debian-gcc | 1.0.1 | 1.68 | 17.23 | 18.91 | NOTE | |
| r-devel-linux-x86_64-fedora-clang | 1.0.1 | 12.00 | 22.80 | 34.80 | OK | |
| r-devel-linux-x86_64-fedora-gcc | 1.0.1 | 31.13 | OK | |||
| r-devel-windows-x86_64 | 1.0.1 | 3.00 | 39.00 | 42.00 | OK | |
| r-patched-linux-x86_64 | 1.0.1 | 2.20 | 19.21 | 21.41 | OK | |
| r-release-linux-x86_64 | 1.0.1 | 1.76 | 19.59 | 21.35 | OK | |
| r-release-macos-arm64 | 1.0.1 | 2.00 | 16.00 | 18.00 | OK | |
| r-release-macos-x86_64 | 1.0.1 | 2.00 | 23.00 | 25.00 | OK | |
| r-release-windows-x86_64 | 1.0.1 | 4.00 | 40.00 | 44.00 | OK | |
| r-oldrel-macos-arm64 | 1.0.1 | 1.00 | 14.00 | 15.00 | OK | |
| r-oldrel-macos-x86_64 | 1.0.1 | 2.00 | 19.00 | 21.00 | OK | |
| r-oldrel-windows-x86_64 | 1.0.1 | 4.00 | 44.00 | 48.00 | OK | 
Version: 1.0.1
Check: CRAN incoming feasibility
Result: NOTE
  Maintainer: ‘Brendan Matthew Galdo <Brendan.m.galdo@gmail.com>’
  
  The BugReports field in DESCRIPTION has
    https://github.com/bmgaldo/graDiEnt
  which should likely be
    https://github.com/bmgaldo/graDiEnt/issues
  instead.
Flavors: r-devel-linux-x86_64-debian-clang, r-devel-linux-x86_64-debian-gcc