Last updated on 2025-10-30 02:49:03 CET.
| Flavor | Version | Tinstall | Tcheck | Ttotal | Status | Flags |
|---|---|---|---|---|---|---|
| r-devel-linux-x86_64-debian-clang | 0.2.6 | 18.46 | 180.14 | 198.60 | OK | |
| r-devel-linux-x86_64-debian-gcc | 0.2.6 | 12.31 | 118.03 | 130.34 | OK | |
| r-devel-linux-x86_64-fedora-clang | 0.2.6 | 128.00 | 196.77 | 324.77 | OK | |
| r-devel-linux-x86_64-fedora-gcc | 0.2.6 | 140.00 | 197.04 | 337.04 | OK | |
| r-devel-windows-x86_64 | 0.2.6 | 23.00 | 184.00 | 207.00 | OK | |
| r-patched-linux-x86_64 | 0.2.6 | 20.51 | 169.04 | 189.55 | OK | |
| r-release-linux-x86_64 | 0.2.6 | 18.38 | 169.28 | 187.66 | OK | |
| r-release-macos-arm64 | 0.2.6 | 11.00 | 102.00 | 113.00 | OK | |
| r-release-macos-x86_64 | 0.2.6 | 17.00 | 123.00 | 140.00 | OK | |
| r-release-windows-x86_64 | 0.2.6 | 24.00 | 184.00 | 208.00 | OK | |
| r-oldrel-macos-arm64 | 0.2.6 | 8.00 | 70.00 | 78.00 | OK | |
| r-oldrel-macos-x86_64 | 0.2.6 | 16.00 | 142.00 | 158.00 | NOTE | |
| r-oldrel-windows-x86_64 | 0.2.6 | 31.00 | 240.00 | 271.00 | OK |
Version: 0.2.6
Check: package dependencies
Result: NOTE
Package suggested but not available for checking: ‘monocle’
Flavor: r-oldrel-macos-x86_64
Version: 0.2.6
Check: Rd cross-references
Result: NOTE
Package unavailable to check Rd xrefs: ‘monocle’
Flavor: r-oldrel-macos-x86_64