Last updated on 2025-10-30 02:49:03 CET.
| Flavor | Version | Tinstall | Tcheck | Ttotal | Status | Flags | 
|---|---|---|---|---|---|---|
| r-devel-linux-x86_64-debian-clang | 1.0.5.1 | 66.56 | 72.06 | 138.62 | NOTE | |
| r-devel-linux-x86_64-debian-gcc | 1.0.5.1 | 45.31 | 54.62 | 99.93 | NOTE | |
| r-devel-linux-x86_64-fedora-clang | 1.0.5.1 | 243.00 | 20.96 | 263.96 | OK | |
| r-devel-linux-x86_64-fedora-gcc | 1.0.5.1 | 97.00 | 145.19 | 242.19 | OK | |
| r-devel-windows-x86_64 | 1.0.5.1 | 78.00 | 110.00 | 188.00 | OK | |
| r-patched-linux-x86_64 | 1.0.5.1 | 68.03 | 70.67 | 138.70 | OK | |
| r-release-linux-x86_64 | 1.0.5.1 | 67.68 | 71.16 | 138.84 | OK | |
| r-release-macos-arm64 | 1.0.5.1 | 27.00 | 45.00 | 72.00 | OK | |
| r-release-macos-x86_64 | 1.0.5.1 | 28.00 | 64.00 | 92.00 | OK | |
| r-release-windows-x86_64 | 1.0.5.1 | 78.00 | 113.00 | 191.00 | OK | |
| r-oldrel-macos-arm64 | 1.0.5.1 | 30.00 | 33.00 | 63.00 | NOTE | |
| r-oldrel-macos-x86_64 | 1.0.5.1 | 29.00 | 76.00 | 105.00 | NOTE | |
| r-oldrel-windows-x86_64 | 1.0.5.1 | 91.00 | 144.00 | 235.00 | OK | 
Version: 1.0.5.1
Check: CRAN incoming feasibility
Result: NOTE
  Maintainer: ‘Alexander Sibley <dcibioinformatics@duke.edu>’
  
  No Authors@R field in DESCRIPTION.
  Please add one, modifying
    Authors@R: c(person(given = "Jiaxing",
                        family = "Lin",
                        role = "aut"),
                 person(given = "Alexander",
                        family = "Sibley",
                        role = c("aut", "cre"),
                        email = "dcibioinformatics@duke.edu"),
                 person(given = "Tracy",
                        family = "Truong",
                        role = "aut"),
                 person(given = "Kouros",
                        family = "Owzar",
                        role = "aut"),
                 person(given = "Zhiguo",
                        family = "Li",
                        role = "aut"),
                 person(given = "Layne",
                        family = "Rogers",
                        role = "ctb"),
                 person(given = "Yu",
                        family = "Jiang",
                        role = "ctb"),
                 person(given = "Janice",
                        family = "McCarthy",
                        role = "ctb"),
                 person(given = "Andrew",
                        family = "Allen",
                        role = "ctb"))
  as necessary.
Flavors: r-devel-linux-x86_64-debian-clang, r-devel-linux-x86_64-debian-gcc
Version: 1.0.5.1
Check: installed package size
Result: NOTE
    installed size is  9.7Mb
    sub-directories of 1Mb or more:
      libs   9.3Mb
Flavors: r-oldrel-macos-arm64, r-oldrel-macos-x86_64