Last updated on 2025-10-30 02:49:03 CET.
| Flavor | Version | Tinstall | Tcheck | Ttotal | Status | Flags | 
|---|---|---|---|---|---|---|
| r-devel-linux-x86_64-debian-clang | 0.1.0 | 5.06 | 94.38 | 99.44 | OK | |
| r-devel-linux-x86_64-debian-gcc | 0.1.0 | 3.34 | 58.99 | 62.33 | OK | |
| r-devel-linux-x86_64-fedora-clang | 0.1.0 | 19.00 | 155.36 | 174.36 | NOTE | |
| r-devel-linux-x86_64-fedora-gcc | 0.1.0 | 148.76 | NOTE | |||
| r-devel-windows-x86_64 | 0.1.0 | 6.00 | 99.00 | 105.00 | OK | |
| r-patched-linux-x86_64 | 0.1.0 | 4.94 | 89.05 | 93.99 | OK | |
| r-release-linux-x86_64 | 0.1.0 | 4.78 | 89.03 | 93.81 | OK | |
| r-release-macos-arm64 | 0.1.0 | 2.00 | 38.00 | 40.00 | OK | |
| r-release-macos-x86_64 | 0.1.0 | 4.00 | 85.00 | 89.00 | OK | |
| r-release-windows-x86_64 | 0.1.0 | 7.00 | 98.00 | 105.00 | OK | |
| r-oldrel-macos-arm64 | 0.1.0 | 2.00 | 36.00 | 38.00 | OK | |
| r-oldrel-macos-x86_64 | 0.1.0 | 3.00 | 68.00 | 71.00 | OK | |
| r-oldrel-windows-x86_64 | 0.1.0 | 8.00 | 130.00 | 138.00 | OK | 
Version: 0.1.0
Check: dependencies in R code
Result: NOTE
  Namespaces in Imports field not imported from:
    ‘ggplot2’ ‘gridExtra’ ‘methods’ ‘tidyr’
    All declared Imports should be used.
Flavors: r-devel-linux-x86_64-fedora-clang, r-devel-linux-x86_64-fedora-gcc