Last updated on 2025-10-30 02:49:03 CET.
| Flavor | Version | Tinstall | Tcheck | Ttotal | Status | Flags | 
|---|---|---|---|---|---|---|
| r-devel-linux-x86_64-debian-clang | 1.0.6 | 7.17 | 66.77 | 73.94 | NOTE | |
| r-devel-linux-x86_64-debian-gcc | 1.0.6 | 5.04 | 50.76 | 55.80 | NOTE | |
| r-devel-linux-x86_64-fedora-clang | 1.0.6 | 30.00 | 83.50 | 113.50 | NOTE | |
| r-devel-linux-x86_64-fedora-gcc | 1.0.6 | 18.00 | 100.18 | 118.18 | NOTE | |
| r-devel-windows-x86_64 | 1.0.6 | 10.00 | 77.00 | 87.00 | NOTE | |
| r-patched-linux-x86_64 | 1.0.6 | 7.29 | 59.90 | 67.19 | NOTE | |
| r-release-linux-x86_64 | 1.0.6 | 6.33 | 61.45 | 67.78 | NOTE | |
| r-release-macos-arm64 | 1.0.6 | 3.00 | 59.00 | 62.00 | NOTE | |
| r-release-macos-x86_64 | 1.0.6 | 5.00 | 89.00 | 94.00 | NOTE | |
| r-release-windows-x86_64 | 1.0.6 | 11.00 | 81.00 | 92.00 | NOTE | |
| r-oldrel-macos-arm64 | 1.0.6 | 3.00 | 56.00 | 59.00 | NOTE | |
| r-oldrel-macos-x86_64 | 1.0.6 | 5.00 | 76.00 | 81.00 | NOTE | |
| r-oldrel-windows-x86_64 | 1.0.6 | 12.00 | 95.00 | 107.00 | NOTE | 
Version: 1.0.6
Check: CRAN incoming feasibility
Result: NOTE
  Maintainer: ‘Juuso Parkkinen <juuso.parkkinen@iki.fi>’
  
  Package CITATION file contains call(s) to old-style personList() or
  as.personList().  Please use c() on person objects instead.
  Package CITATION file contains call(s) to old-style citEntry().  Please
  use bibentry() instead.
Flavors: r-devel-linux-x86_64-debian-clang, r-devel-linux-x86_64-debian-gcc
Version: 1.0.6
Check: Rd files
Result: NOTE
  checkRd: (-1) get_hri_stats.Rd:40: Lost braces
      40 | See \url{https://dev.hel.fi/apis/statistics/}{dev.hel.fi website} and
         |                                              ^
  checkRd: (-1) get_hri_stats.Rd:41: Lost braces
      41 | \url{http://dev.hel.fi/stats/}{API documentation} (in Finnish)
         |                               ^
  checkRd: (-1) get_linkedevents.Rd:39: Lost braces in \itemize; meant \describe ?
  checkRd: (-1) get_linkedevents.Rd:40: Lost braces in \itemize; meant \describe ?
  checkRd: (-1) get_linkedevents.Rd:41: Lost braces in \itemize; meant \describe ?
  checkRd: (-1) get_linkedevents.Rd:42: Lost braces in \itemize; meant \describe ?
  checkRd: (-1) get_linkedevents.Rd:43: Lost braces in \itemize; meant \describe ?
  checkRd: (-1) get_servicemap.Rd:40: Lost braces in \itemize; meant \describe ?
  checkRd: (-1) get_servicemap.Rd:41: Lost braces in \itemize; meant \describe ?
  checkRd: (-1) get_servicemap.Rd:42: Lost braces in \itemize; meant \describe ?
  checkRd: (-1) get_servicemap.Rd:43: Lost braces in \itemize; meant \describe ?
  checkRd: (-1) get_servicemap.Rd:44: Lost braces in \itemize; meant \describe ?
  checkRd: (-1) get_servicemap.Rd:45: Lost braces in \itemize; meant \describe ?
  checkRd: (-1) get_servicemap.Rd:52: Lost braces in \itemize; meant \describe ?
  checkRd: (-1) get_servicemap.Rd:53: Lost braces in \itemize; meant \describe ?
  checkRd: (-1) get_servicemap.Rd:54: Lost braces in \itemize; meant \describe ?
  checkRd: (-1) get_servicemap.Rd:55: Lost braces in \itemize; meant \describe ?
  checkRd: (-1) get_servicemap.Rd:56: Lost braces in \itemize; meant \describe ?
  checkRd: (-1) get_servicemap.Rd:57: Lost braces in \itemize; meant \describe ?
  checkRd: (-1) get_servicemap.Rd:58: Lost braces in \itemize; meant \describe ?
  checkRd: (-1) get_servicemap.Rd:59: Lost braces in \itemize; meant \describe ?
  checkRd: (-1) get_servicemap.Rd:60: Lost braces in \itemize; meant \describe ?
  checkRd: (-1) get_servicemap.Rd:61: Lost braces in \itemize; meant \describe ?
Flavors: r-devel-linux-x86_64-debian-clang, r-devel-linux-x86_64-debian-gcc, r-devel-linux-x86_64-fedora-clang, r-devel-linux-x86_64-fedora-gcc, r-devel-windows-x86_64, r-patched-linux-x86_64, r-release-linux-x86_64, r-release-macos-arm64, r-release-macos-x86_64, r-release-windows-x86_64, r-oldrel-macos-arm64, r-oldrel-macos-x86_64, r-oldrel-windows-x86_64