Last updated on 2025-10-31 02:50:33 CET.
| Flavor | Version | Tinstall | Tcheck | Ttotal | Status | Flags | 
|---|---|---|---|---|---|---|
| r-devel-linux-x86_64-debian-clang | 1.0-1 | 4.98 | 34.17 | 39.15 | NOTE | |
| r-devel-linux-x86_64-debian-gcc | 1.0-1 | 3.83 | 27.14 | 30.97 | NOTE | |
| r-devel-linux-x86_64-fedora-clang | 1.0-1 | 11.00 | 44.71 | 55.71 | NOTE | |
| r-devel-linux-x86_64-fedora-gcc | 1.0-1 | 53.25 | NOTE | |||
| r-devel-windows-x86_64 | 1.0-1 | 5.00 | 51.00 | 56.00 | NOTE | |
| r-patched-linux-x86_64 | 1.0-1 | 4.84 | 33.14 | 37.98 | NOTE | |
| r-release-linux-x86_64 | 1.0-1 | 4.57 | 33.01 | 37.58 | NOTE | |
| r-release-macos-arm64 | 1.0-1 | 2.00 | 21.00 | 23.00 | NOTE | |
| r-release-macos-x86_64 | 1.0-1 | 7.00 | 50.00 | 57.00 | NOTE | |
| r-release-windows-x86_64 | 1.0-1 | 6.00 | 52.00 | 58.00 | NOTE | |
| r-oldrel-macos-arm64 | 1.0-1 | 2.00 | 22.00 | 24.00 | NOTE | |
| r-oldrel-macos-x86_64 | 1.0-1 | 3.00 | 29.00 | 32.00 | NOTE | |
| r-oldrel-windows-x86_64 | 1.0-1 | 8.00 | 61.00 | 69.00 | NOTE | 
Version: 1.0-1
Check: CRAN incoming feasibility
Result: NOTE
  Maintainer: ‘Xia Shen <xia.shen@ki.se>’
  
  No Authors@R field in DESCRIPTION.
  Please add one, modifying
    Authors@R: c(person(given = "Xia",
                        family = "Shen",
                        role = c("aut", "cre"),
                        email = "xia.shen@ki.se"),
                 person(given = "Moudud",
                        family = "Alam",
                        role = "aut"),
                 person(given = "Lars",
                        family = "Ronnegard",
                        role = "aut"))
  as necessary.
Flavors: r-devel-linux-x86_64-debian-clang, r-devel-linux-x86_64-debian-gcc
Version: 1.0-1
Check: Rd files
Result: NOTE
  checkRd: (-1) ohio.Rd:104: Escaped LaTeX specials: \&
  checkRd: (-1) ohio.Rd:105: Escaped LaTeX specials: \&
Flavors: r-devel-linux-x86_64-debian-clang, r-devel-linux-x86_64-debian-gcc, r-devel-linux-x86_64-fedora-clang, r-devel-linux-x86_64-fedora-gcc, r-devel-windows-x86_64, r-patched-linux-x86_64, r-release-linux-x86_64, r-release-macos-arm64, r-release-macos-x86_64, r-release-windows-x86_64, r-oldrel-macos-arm64, r-oldrel-macos-x86_64, r-oldrel-windows-x86_64