Last updated on 2025-10-31 02:50:33 CET.
| Flavor | Version | Tinstall | Tcheck | Ttotal | Status | Flags | 
|---|---|---|---|---|---|---|
| r-devel-linux-x86_64-debian-clang | 0.6.0 | 22.21 | 29.75 | 51.96 | NOTE | |
| r-devel-linux-x86_64-debian-gcc | 0.6.0 | 16.77 | 23.47 | 40.24 | NOTE | |
| r-devel-linux-x86_64-fedora-clang | 0.6.0 | 45.00 | 44.30 | 89.30 | NOTE | |
| r-devel-linux-x86_64-fedora-gcc | 0.6.0 | 58.00 | 41.20 | 99.20 | NOTE | |
| r-devel-windows-x86_64 | 0.6.0 | 27.00 | 68.00 | 95.00 | OK | |
| r-patched-linux-x86_64 | 0.6.0 | 23.41 | 27.47 | 50.88 | OK | |
| r-release-linux-x86_64 | 0.6.0 | 22.95 | 27.79 | 50.74 | OK | |
| r-release-macos-arm64 | 0.6.0 | 9.00 | 24.00 | 33.00 | OK | |
| r-release-macos-x86_64 | 0.6.0 | 10.00 | 46.00 | 56.00 | OK | |
| r-release-windows-x86_64 | 0.6.0 | 28.00 | 67.00 | 95.00 | OK | |
| r-oldrel-macos-arm64 | 0.6.0 | 8.00 | 27.00 | 35.00 | NOTE | |
| r-oldrel-macos-x86_64 | 0.6.0 | 15.00 | 55.00 | 70.00 | NOTE | |
| r-oldrel-windows-x86_64 | 0.6.0 | 29.00 | 80.00 | 109.00 | NOTE | 
Version: 0.6.0
Check: CRAN incoming feasibility
Result: NOTE
  Maintainer: ‘Oliver Keyes <ironholds@gmail.com>’
  
  No Authors@R field in DESCRIPTION.
  Please add one, modifying
    Authors@R: person(given = "Oliver",
                      family = "Keyes",
                      role = c("aut", "cre"),
                      email = "ironholds@gmail.com")
  as necessary.
  
  The Description field contains
    (https://github.com/ chovy/humanparser) provides functions for parsing
  Please enclose URLs in angle brackets (<...>).
Flavors: r-devel-linux-x86_64-debian-clang, r-devel-linux-x86_64-debian-gcc
Version: 0.6.0
Check: compiled code
Result: NOTE
  File ‘humaniformat/libs/humaniformat.so’:
    Found no calls to: ‘R_registerRoutines’, ‘R_useDynamicSymbols’
  
  It is good practice to register native routines and to disable symbol
  search.
  
  See ‘Writing portable packages’ in the ‘Writing R Extensions’ manual.
Flavors: r-devel-linux-x86_64-fedora-clang, r-devel-linux-x86_64-fedora-gcc
Version: 0.6.0
Check: LazyData
Result: NOTE
    'LazyData' is specified without a 'data' directory
Flavors: r-oldrel-macos-arm64, r-oldrel-macos-x86_64, r-oldrel-windows-x86_64