Last updated on 2025-10-31 02:50:33 CET.
| Flavor | Version | Tinstall | Tcheck | Ttotal | Status | Flags | 
|---|---|---|---|---|---|---|
| r-devel-linux-x86_64-debian-clang | 0.6-1 | 3.23 | 27.47 | 30.70 | NOTE | |
| r-devel-linux-x86_64-debian-gcc | 0.6-1 | 2.42 | 21.80 | 24.22 | NOTE | |
| r-devel-linux-x86_64-fedora-clang | 0.6-1 | 44.74 | OK | |||
| r-devel-linux-x86_64-fedora-gcc | 0.6-1 | 41.58 | OK | |||
| r-devel-windows-x86_64 | 0.6-1 | 4.00 | 45.00 | 49.00 | OK | |
| r-patched-linux-x86_64 | 0.6-1 | 3.12 | 26.80 | 29.92 | OK | |
| r-release-linux-x86_64 | 0.6-1 | 2.28 | 26.55 | 28.83 | OK | |
| r-release-macos-arm64 | 0.6-1 | 1.00 | 16.00 | 17.00 | OK | |
| r-release-macos-x86_64 | 0.6-1 | 3.00 | 26.00 | 29.00 | OK | |
| r-release-windows-x86_64 | 0.6-1 | 5.00 | 46.00 | 51.00 | OK | |
| r-oldrel-macos-arm64 | 0.6-1 | 1.00 | 16.00 | 17.00 | OK | |
| r-oldrel-macos-x86_64 | 0.6-1 | 2.00 | 23.00 | 25.00 | OK | |
| r-oldrel-windows-x86_64 | 0.6-1 | 4.00 | 53.00 | 57.00 | OK | 
Version: 0.6-1
Check: CRAN incoming feasibility
Result: NOTE
  Maintainer: ‘Myles English <myles@rockhead.biz>’
  
  No Authors@R field in DESCRIPTION.
  Please add one, modifying
    Authors@R: person(given = "Myles",
                      family = "English",
                      role = c("aut", "cre"),
                      email = "myles@rockhead.biz")
  as necessary.
Flavors: r-devel-linux-x86_64-debian-clang, r-devel-linux-x86_64-debian-gcc