Last updated on 2025-10-31 02:50:33 CET.
| Flavor | Version | Tinstall | Tcheck | Ttotal | Status | Flags | 
|---|---|---|---|---|---|---|
| r-devel-linux-x86_64-debian-clang | 0.2.9 | 2.85 | 34.28 | 37.13 | NOTE | |
| r-devel-linux-x86_64-debian-gcc | 0.2.9 | 2.06 | 26.05 | 28.11 | NOTE | |
| r-devel-linux-x86_64-fedora-clang | 0.2.9 | 53.06 | OK | |||
| r-devel-linux-x86_64-fedora-gcc | 0.2.9 | 47.67 | OK | |||
| r-devel-windows-x86_64 | 0.2.9 | 4.00 | 62.00 | 66.00 | OK | |
| r-patched-linux-x86_64 | 0.2.9 | 3.15 | 32.06 | 35.21 | OK | |
| r-release-linux-x86_64 | 0.2.9 | 2.85 | 31.48 | 34.33 | OK | |
| r-release-macos-arm64 | 0.2.9 | 1.00 | 19.00 | 20.00 | OK | |
| r-release-macos-x86_64 | 0.2.9 | 3.00 | 33.00 | 36.00 | OK | |
| r-release-windows-x86_64 | 0.2.9 | 6.00 | 64.00 | 70.00 | OK | |
| r-oldrel-macos-arm64 | 0.2.9 | 1.00 | 18.00 | 19.00 | OK | |
| r-oldrel-macos-x86_64 | 0.2.9 | 2.00 | 27.00 | 29.00 | OK | |
| r-oldrel-windows-x86_64 | 0.2.9 | 7.00 | 73.00 | 80.00 | OK | 
Version: 0.2.9
Check: CRAN incoming feasibility
Result: NOTE
  Maintainer: ‘Nick Bond <n.bond@latrobe.edu.au>’
  
  No Authors@R field in DESCRIPTION.
  Please add one, modifying
    Authors@R: person(given = "Nick",
                      family = "Bond",
                      role = c("aut", "cre"),
                      email = "n.bond@latrobe.edu.au")
  as necessary.
Flavors: r-devel-linux-x86_64-debian-clang, r-devel-linux-x86_64-debian-gcc