Last updated on 2025-10-31 02:50:33 CET.
| Flavor | Version | Tinstall | Tcheck | Ttotal | Status | Flags | 
|---|---|---|---|---|---|---|
| r-devel-linux-x86_64-debian-clang | 1.1.2 | 50.97 | 165.89 | 216.86 | NOTE | |
| r-devel-linux-x86_64-debian-gcc | 1.1.2 | 36.89 | 118.17 | 155.06 | NOTE | |
| r-devel-linux-x86_64-fedora-clang | 1.1.2 | 125.00 | 243.96 | 368.96 | OK | |
| r-devel-linux-x86_64-fedora-gcc | 1.1.2 | 117.00 | 231.70 | 348.70 | OK | |
| r-devel-windows-x86_64 | 1.1.2 | 61.00 | 191.00 | 252.00 | OK | |
| r-patched-linux-x86_64 | 1.1.2 | 53.80 | 161.93 | 215.73 | OK | |
| r-release-linux-x86_64 | 1.1.2 | 53.84 | 162.31 | 216.15 | OK | |
| r-release-macos-arm64 | 1.1.2 | 20.00 | 81.00 | 101.00 | OK | |
| r-release-macos-x86_64 | 1.1.2 | 25.00 | 164.00 | 189.00 | OK | |
| r-release-windows-x86_64 | 1.1.2 | 63.00 | 195.00 | 258.00 | OK | |
| r-oldrel-macos-arm64 | 1.1.2 | 27.00 | 96.00 | 123.00 | NOTE | |
| r-oldrel-macos-x86_64 | 1.1.2 | 32.00 | 132.00 | 164.00 | NOTE | |
| r-oldrel-windows-x86_64 | 1.1.2 | 79.00 | 248.00 | 327.00 | NOTE | 
Version: 1.1.2
Check: CRAN incoming feasibility
Result: NOTE
  Maintainer: ‘Ezequiel Toum <etoum@mendoza-conicet.gob.ar>’
  
  No Authors@R field in DESCRIPTION.
  Please add one, modifying
    Authors@R: person(given = "Ezequiel",
                      family = "Toum",
                      role = c("aut", "cre"),
                      email = "etoum@mendoza-conicet.gob.ar")
  as necessary.
Flavors: r-devel-linux-x86_64-debian-clang, r-devel-linux-x86_64-debian-gcc
Version: 1.1.2
Check: installed package size
Result: NOTE
    installed size is  8.1Mb
    sub-directories of 1Mb or more:
      extdata   5.5Mb
      libs      1.7Mb
Flavors: r-oldrel-macos-arm64, r-oldrel-macos-x86_64, r-oldrel-windows-x86_64