Last updated on 2025-10-30 02:49:04 CET.
| Flavor | Version | Tinstall | Tcheck | Ttotal | Status | Flags | 
|---|---|---|---|---|---|---|
| r-devel-linux-x86_64-debian-clang | 1.0.4 | 4.32 | 56.63 | 60.95 | NOTE | |
| r-devel-linux-x86_64-debian-gcc | 1.0.4 | 3.68 | 38.73 | 42.41 | NOTE | |
| r-devel-linux-x86_64-fedora-clang | 1.0.4 | 10.00 | 87.64 | 97.64 | OK | |
| r-devel-linux-x86_64-fedora-gcc | 1.0.4 | 12.00 | 73.91 | 85.91 | OK | |
| r-devel-windows-x86_64 | 1.0.4 | 8.00 | 67.00 | 75.00 | OK | |
| r-patched-linux-x86_64 | 1.0.4 | 5.11 | 53.61 | 58.72 | OK | |
| r-release-linux-x86_64 | 1.0.4 | 4.15 | 52.66 | 56.81 | OK | |
| r-release-macos-arm64 | 1.0.4 | 4.00 | 30.00 | 34.00 | OK | |
| r-release-macos-x86_64 | 1.0.4 | 4.00 | 43.00 | 47.00 | OK | |
| r-release-windows-x86_64 | 1.0.4 | 9.00 | 70.00 | 79.00 | OK | |
| r-oldrel-macos-arm64 | 1.0.4 | 2.00 | 24.00 | 26.00 | OK | |
| r-oldrel-macos-x86_64 | 1.0.4 | 3.00 | 37.00 | 40.00 | OK | |
| r-oldrel-windows-x86_64 | 1.0.4 | 10.00 | 89.00 | 99.00 | OK | 
Version: 1.0.4
Check: CRAN incoming feasibility
Result: NOTE
  Maintainer: ‘Caleb A. Class <cclass@butler.edu>’
  
  No Authors@R field in DESCRIPTION.
  Please add one, modifying
    Authors@R: c(person(given = c("Caleb", "A."),
                        family = "Class",
                        role = c("aut", "cre"),
                        email = "cclass@butler.edu"),
                 person(given = c("Min", "Jin"),
                        family = "Ha",
                        role = "aut",
                        email = "mjha@mdanderson.org"))
  as necessary.
  
  Package CITATION file contains call(s) to old-style personList() or
  as.personList().  Please use c() on person objects instead.
  Package CITATION file contains call(s) to old-style citEntry().  Please
  use bibentry() instead.
Flavors: r-devel-linux-x86_64-debian-clang, r-devel-linux-x86_64-debian-gcc